{"id":14872,"date":"2023-07-12T11:24:32","date_gmt":"2023-07-12T11:24:32","guid":{"rendered":"https:\/\/www.fundaciomascort.com\/?post_type=events&#038;p=14872"},"modified":"2023-07-12T13:34:34","modified_gmt":"2023-07-12T13:34:34","slug":"visita-guiada-a-la-recerca-de-la-bellesa-15-07-23-1900","status":"publish","type":"events","link":"https:\/\/www.fundaciomascort.com\/fr\/events\/visita-guiada-a-la-recerca-de-la-bellesa-15-07-23-1900\/","title":{"rendered":"Visita guiada \u00ab\u00a0A la recerca de la bellesa\u00a0\u00bb, 15\/07\/23 &#8211; 19:00"},"template":"","class_list":["post-14872","events","type-events","status-publish","hentry"],"acf":[],"yoast_head":"<!-- This site is optimized with the Yoast SEO plugin v25.6 - https:\/\/yoast.com\/wordpress\/plugins\/seo\/ -->\n<title>Visita guiada &quot;A la recerca de la bellesa&quot;, 15\/07\/23 - 19:00 - Fundaci\u00f3 Mascort<\/title>\n<meta name=\"description\" content=\"Aquest mes iniciem les visites guiades a l&#039;exposici\u00f3 A la recerca de la bellesa. La col\u00b7lecci\u00f3 de cer\u00e0mica d&#039;Ignacio Brugarolas. La primera tindr\u00e0 lloc el proper DISSABTE 15 de juliol, a les 19:00 h, i anir\u00e0 a\u00a0 c\u00e0rrec de Josep A. Cerd\u00e0, comissari de la mostra i autor del cat\u00e0leg.Ens agradar\u00e0 molt comptar amb la vostra pres\u00e8ncia.Activitat gratu\u00efta amb aforament limitat.Imprescindible reserva pr\u00e8via.\" \/>\n<meta name=\"robots\" content=\"index, follow, max-snippet:-1, max-image-preview:large, max-video-preview:-1\" \/>\n<link rel=\"canonical\" href=\"https:\/\/www.fundaciomascort.com\/fr\/events\/visita-guiada-a-la-recerca-de-la-bellesa-15-07-23-1900\/\" \/>\n<meta property=\"og:locale\" content=\"fr_FR\" \/>\n<meta property=\"og:type\" content=\"article\" \/>\n<meta property=\"og:title\" content=\"Visita guiada &quot;A la recerca de la bellesa&quot;, 15\/07\/23 - 19:00 - Fundaci\u00f3 Mascort\" \/>\n<meta property=\"og:description\" content=\"Aquest mes iniciem les visites guiades a l&#039;exposici\u00f3 A la recerca de la bellesa. La col\u00b7lecci\u00f3 de cer\u00e0mica d&#039;Ignacio Brugarolas. La primera tindr\u00e0 lloc el proper DISSABTE 15 de juliol, a les 19:00 h, i anir\u00e0 a\u00a0 c\u00e0rrec de Josep A. Cerd\u00e0, comissari de la mostra i autor del cat\u00e0leg.Ens agradar\u00e0 molt comptar amb la vostra pres\u00e8ncia.Activitat gratu\u00efta amb aforament limitat.Imprescindible reserva pr\u00e8via.\" \/>\n<meta property=\"og:url\" content=\"https:\/\/www.fundaciomascort.com\/fr\/events\/visita-guiada-a-la-recerca-de-la-bellesa-15-07-23-1900\/\" \/>\n<meta property=\"og:site_name\" content=\"Fundaci\u00f3 Mascort\" \/>\n<meta property=\"article:publisher\" content=\"https:\/\/www.facebook.com\/fundaciomascort\" \/>\n<meta property=\"article:modified_time\" content=\"2023-07-12T13:34:34+00:00\" \/>\n<meta name=\"twitter:card\" content=\"summary_large_image\" \/>\n<meta name=\"twitter:site\" content=\"@fundaciomascort\" \/>\n<script type=\"application\/ld+json\" class=\"yoast-schema-graph\">{\"@context\":\"https:\/\/schema.org\",\"@graph\":[{\"@type\":\"WebPage\",\"@id\":\"https:\/\/www.fundaciomascort.com\/fr\/events\/visita-guiada-a-la-recerca-de-la-bellesa-15-07-23-1900\/\",\"url\":\"https:\/\/www.fundaciomascort.com\/fr\/events\/visita-guiada-a-la-recerca-de-la-bellesa-15-07-23-1900\/\",\"name\":\"Visita guiada \\\"A la recerca de la bellesa\\\", 15\/07\/23 - 19:00 - Fundaci\u00f3 Mascort\",\"isPartOf\":{\"@id\":\"https:\/\/www.fundaciomascort.com\/fr\/#website\"},\"datePublished\":\"2023-07-12T11:24:32+00:00\",\"dateModified\":\"2023-07-12T13:34:34+00:00\",\"description\":\"Aquest mes iniciem les visites guiades a l'exposici\u00f3 A la recerca de la bellesa. La col\u00b7lecci\u00f3 de cer\u00e0mica d'Ignacio Brugarolas. La primera tindr\u00e0 lloc el proper DISSABTE 15 de juliol, a les 19:00 h, i anir\u00e0 a\u00a0 c\u00e0rrec de Josep A. Cerd\u00e0, comissari de la mostra i autor del cat\u00e0leg.Ens agradar\u00e0 molt comptar amb la vostra pres\u00e8ncia.Activitat gratu\u00efta amb aforament limitat.Imprescindible reserva pr\u00e8via.\",\"breadcrumb\":{\"@id\":\"https:\/\/www.fundaciomascort.com\/fr\/events\/visita-guiada-a-la-recerca-de-la-bellesa-15-07-23-1900\/#breadcrumb\"},\"inLanguage\":\"fr-FR\",\"potentialAction\":[{\"@type\":\"ReadAction\",\"target\":[\"https:\/\/www.fundaciomascort.com\/fr\/events\/visita-guiada-a-la-recerca-de-la-bellesa-15-07-23-1900\/\"]}]},{\"@type\":\"BreadcrumbList\",\"@id\":\"https:\/\/www.fundaciomascort.com\/fr\/events\/visita-guiada-a-la-recerca-de-la-bellesa-15-07-23-1900\/#breadcrumb\",\"itemListElement\":[{\"@type\":\"ListItem\",\"position\":1,\"name\":\"Home\",\"item\":\"https:\/\/www.fundaciomascort.com\/fr\/\"},{\"@type\":\"ListItem\",\"position\":2,\"name\":\"Activit\u00e9s\",\"item\":\"https:\/\/www.fundaciomascort.com\/fr\/events\/\"},{\"@type\":\"ListItem\",\"position\":3,\"name\":\"Visita guiada &#8220;A la recerca de la bellesa&#8221;, 15\/07\/23 &#8211; 19:00\"}]},{\"@type\":\"WebSite\",\"@id\":\"https:\/\/www.fundaciomascort.com\/fr\/#website\",\"url\":\"https:\/\/www.fundaciomascort.com\/fr\/\",\"name\":\"Fundaci\u00f3 Mascort\",\"description\":\"Esperem que compartiu amb nosaltres les exposicions de la Casa Galibern i les nostres publicacions.\",\"potentialAction\":[{\"@type\":\"SearchAction\",\"target\":{\"@type\":\"EntryPoint\",\"urlTemplate\":\"https:\/\/www.fundaciomascort.com\/fr\/?s={search_term_string}\"},\"query-input\":{\"@type\":\"PropertyValueSpecification\",\"valueRequired\":true,\"valueName\":\"search_term_string\"}}],\"inLanguage\":\"fr-FR\"}]}<\/script>\n<!-- \/ Yoast SEO plugin. -->","yoast_head_json":{"title":"Visita guiada \"A la recerca de la bellesa\", 15\/07\/23 - 19:00 - Fundaci\u00f3 Mascort","description":"Aquest mes iniciem les visites guiades a l'exposici\u00f3 A la recerca de la bellesa. La col\u00b7lecci\u00f3 de cer\u00e0mica d'Ignacio Brugarolas. La primera tindr\u00e0 lloc el proper DISSABTE 15 de juliol, a les 19:00 h, i anir\u00e0 a\u00a0 c\u00e0rrec de Josep A. Cerd\u00e0, comissari de la mostra i autor del cat\u00e0leg.Ens agradar\u00e0 molt comptar amb la vostra pres\u00e8ncia.Activitat gratu\u00efta amb aforament limitat.Imprescindible reserva pr\u00e8via.","robots":{"index":"index","follow":"follow","max-snippet":"max-snippet:-1","max-image-preview":"max-image-preview:large","max-video-preview":"max-video-preview:-1"},"canonical":"https:\/\/www.fundaciomascort.com\/fr\/events\/visita-guiada-a-la-recerca-de-la-bellesa-15-07-23-1900\/","og_locale":"fr_FR","og_type":"article","og_title":"Visita guiada \"A la recerca de la bellesa\", 15\/07\/23 - 19:00 - Fundaci\u00f3 Mascort","og_description":"Aquest mes iniciem les visites guiades a l'exposici\u00f3 A la recerca de la bellesa. La col\u00b7lecci\u00f3 de cer\u00e0mica d'Ignacio Brugarolas. La primera tindr\u00e0 lloc el proper DISSABTE 15 de juliol, a les 19:00 h, i anir\u00e0 a\u00a0 c\u00e0rrec de Josep A. Cerd\u00e0, comissari de la mostra i autor del cat\u00e0leg.Ens agradar\u00e0 molt comptar amb la vostra pres\u00e8ncia.Activitat gratu\u00efta amb aforament limitat.Imprescindible reserva pr\u00e8via.","og_url":"https:\/\/www.fundaciomascort.com\/fr\/events\/visita-guiada-a-la-recerca-de-la-bellesa-15-07-23-1900\/","og_site_name":"Fundaci\u00f3 Mascort","article_publisher":"https:\/\/www.facebook.com\/fundaciomascort","article_modified_time":"2023-07-12T13:34:34+00:00","twitter_card":"summary_large_image","twitter_site":"@fundaciomascort","schema":{"@context":"https:\/\/schema.org","@graph":[{"@type":"WebPage","@id":"https:\/\/www.fundaciomascort.com\/fr\/events\/visita-guiada-a-la-recerca-de-la-bellesa-15-07-23-1900\/","url":"https:\/\/www.fundaciomascort.com\/fr\/events\/visita-guiada-a-la-recerca-de-la-bellesa-15-07-23-1900\/","name":"Visita guiada \"A la recerca de la bellesa\", 15\/07\/23 - 19:00 - Fundaci\u00f3 Mascort","isPartOf":{"@id":"https:\/\/www.fundaciomascort.com\/fr\/#website"},"datePublished":"2023-07-12T11:24:32+00:00","dateModified":"2023-07-12T13:34:34+00:00","description":"Aquest mes iniciem les visites guiades a l'exposici\u00f3 A la recerca de la bellesa. La col\u00b7lecci\u00f3 de cer\u00e0mica d'Ignacio Brugarolas. La primera tindr\u00e0 lloc el proper DISSABTE 15 de juliol, a les 19:00 h, i anir\u00e0 a\u00a0 c\u00e0rrec de Josep A. Cerd\u00e0, comissari de la mostra i autor del cat\u00e0leg.Ens agradar\u00e0 molt comptar amb la vostra pres\u00e8ncia.Activitat gratu\u00efta amb aforament limitat.Imprescindible reserva pr\u00e8via.","breadcrumb":{"@id":"https:\/\/www.fundaciomascort.com\/fr\/events\/visita-guiada-a-la-recerca-de-la-bellesa-15-07-23-1900\/#breadcrumb"},"inLanguage":"fr-FR","potentialAction":[{"@type":"ReadAction","target":["https:\/\/www.fundaciomascort.com\/fr\/events\/visita-guiada-a-la-recerca-de-la-bellesa-15-07-23-1900\/"]}]},{"@type":"BreadcrumbList","@id":"https:\/\/www.fundaciomascort.com\/fr\/events\/visita-guiada-a-la-recerca-de-la-bellesa-15-07-23-1900\/#breadcrumb","itemListElement":[{"@type":"ListItem","position":1,"name":"Home","item":"https:\/\/www.fundaciomascort.com\/fr\/"},{"@type":"ListItem","position":2,"name":"Activit\u00e9s","item":"https:\/\/www.fundaciomascort.com\/fr\/events\/"},{"@type":"ListItem","position":3,"name":"Visita guiada &#8220;A la recerca de la bellesa&#8221;, 15\/07\/23 &#8211; 19:00"}]},{"@type":"WebSite","@id":"https:\/\/www.fundaciomascort.com\/fr\/#website","url":"https:\/\/www.fundaciomascort.com\/fr\/","name":"Fundaci\u00f3 Mascort","description":"Esperem que compartiu amb nosaltres les exposicions de la Casa Galibern i les nostres publicacions.","potentialAction":[{"@type":"SearchAction","target":{"@type":"EntryPoint","urlTemplate":"https:\/\/www.fundaciomascort.com\/fr\/?s={search_term_string}"},"query-input":{"@type":"PropertyValueSpecification","valueRequired":true,"valueName":"search_term_string"}}],"inLanguage":"fr-FR"}]}},"_links":{"self":[{"href":"https:\/\/www.fundaciomascort.com\/fr\/wp-json\/wp\/v2\/events\/14872"}],"collection":[{"href":"https:\/\/www.fundaciomascort.com\/fr\/wp-json\/wp\/v2\/events"}],"about":[{"href":"https:\/\/www.fundaciomascort.com\/fr\/wp-json\/wp\/v2\/types\/events"}],"wp:attachment":[{"href":"https:\/\/www.fundaciomascort.com\/fr\/wp-json\/wp\/v2\/media?parent=14872"}],"curies":[{"name":"wp","href":"https:\/\/api.w.org\/{rel}","templated":true}]}}

<!-- This site is optimized with the Yoast SEO plugin v25.6 - https://yoast.com/wordpress/plugins/seo/ -->
<title>Visita guiada &quot;A la recerca de la bellesa&quot;, 15/07/23 - 19:00 - Fundació Mascort</title>
<meta name="description" content="Aquest mes iniciem les visites guiades a l&#039;exposició A la recerca de la bellesa. La col·lecció de ceràmica d&#039;Ignacio Brugarolas. La primera tindrà lloc el proper DISSABTE 15 de juliol, a les 19:00 h, i anirà a  càrrec de Josep A. Cerdà, comissari de la mostra i autor del catàleg.Ens agradarà molt comptar amb la vostra presència.Activitat gratuïta amb aforament limitat.Imprescindible reserva prèvia." />
<meta name="robots" content="index, follow, max-snippet:-1, max-image-preview:large, max-video-preview:-1" />
<link rel="canonical" href="https://www.fundaciomascort.com/fr/events/visita-guiada-a-la-recerca-de-la-bellesa-15-07-23-1900/" />
<meta property="og:locale" content="fr_FR" />
<meta property="og:type" content="article" />
<meta property="og:title" content="Visita guiada &quot;A la recerca de la bellesa&quot;, 15/07/23 - 19:00 - Fundació Mascort" />
<meta property="og:description" content="Aquest mes iniciem les visites guiades a l&#039;exposició A la recerca de la bellesa. La col·lecció de ceràmica d&#039;Ignacio Brugarolas. La primera tindrà lloc el proper DISSABTE 15 de juliol, a les 19:00 h, i anirà a  càrrec de Josep A. Cerdà, comissari de la mostra i autor del catàleg.Ens agradarà molt comptar amb la vostra presència.Activitat gratuïta amb aforament limitat.Imprescindible reserva prèvia." />
<meta property="og:url" content="https://www.fundaciomascort.com/fr/events/visita-guiada-a-la-recerca-de-la-bellesa-15-07-23-1900/" />
<meta property="og:site_name" content="Fundació Mascort" />
<meta property="article:publisher" content="https://www.facebook.com/fundaciomascort" />
<meta property="article:modified_time" content="2023-07-12T13:34:34+00:00" />
<meta name="twitter:card" content="summary_large_image" />
<meta name="twitter:site" content="@fundaciomascort" />
<script type="application/ld+json" class="yoast-schema-graph">{"@context":"https://schema.org","@graph":[{"@type":"WebPage","@id":"https://www.fundaciomascort.com/fr/events/visita-guiada-a-la-recerca-de-la-bellesa-15-07-23-1900/","url":"https://www.fundaciomascort.com/fr/events/visita-guiada-a-la-recerca-de-la-bellesa-15-07-23-1900/","name":"Visita guiada \"A la recerca de la bellesa\", 15/07/23 - 19:00 - Fundació Mascort","isPartOf":{"@id":"https://www.fundaciomascort.com/fr/#website"},"datePublished":"2023-07-12T11:24:32+00:00","dateModified":"2023-07-12T13:34:34+00:00","description":"Aquest mes iniciem les visites guiades a l'exposició A la recerca de la bellesa. La col·lecció de ceràmica d'Ignacio Brugarolas. La primera tindrà lloc el proper DISSABTE 15 de juliol, a les 19:00 h, i anirà a  càrrec de Josep A. Cerdà, comissari de la mostra i autor del catàleg.Ens agradarà molt comptar amb la vostra presència.Activitat gratuïta amb aforament limitat.Imprescindible reserva prèvia.","breadcrumb":{"@id":"https://www.fundaciomascort.com/fr/events/visita-guiada-a-la-recerca-de-la-bellesa-15-07-23-1900/#breadcrumb"},"inLanguage":"fr-FR","potentialAction":[{"@type":"ReadAction","target":["https://www.fundaciomascort.com/fr/events/visita-guiada-a-la-recerca-de-la-bellesa-15-07-23-1900/"]}]},{"@type":"BreadcrumbList","@id":"https://www.fundaciomascort.com/fr/events/visita-guiada-a-la-recerca-de-la-bellesa-15-07-23-1900/#breadcrumb","itemListElement":[{"@type":"ListItem","position":1,"name":"Home","item":"https://www.fundaciomascort.com/fr/"},{"@type":"ListItem","position":2,"name":"Activités","item":"https://www.fundaciomascort.com/fr/events/"},{"@type":"ListItem","position":3,"name":"Visita guiada &#8220;A la recerca de la bellesa&#8221;, 15/07/23 &#8211; 19:00"}]},{"@type":"WebSite","@id":"https://www.fundaciomascort.com/fr/#website","url":"https://www.fundaciomascort.com/fr/","name":"Fundació Mascort","description":"Esperem que compartiu amb nosaltres les exposicions de la Casa Galibern i les nostres publicacions.","potentialAction":[{"@type":"SearchAction","target":{"@type":"EntryPoint","urlTemplate":"https://www.fundaciomascort.com/fr/?s={search_term_string}"},"query-input":{"@type":"PropertyValueSpecification","valueRequired":true,"valueName":"search_term_string"}}],"inLanguage":"fr-FR"}]}</script>
<!-- / Yoast SEO plugin. -->

Visita guiada "A la recerca de la bellesa", 15/07/23 - 19:00 - Fundació Mascort

Aquest mes iniciem les visites guiades a l'exposició A la recerca de la bellesa. La col·lecció de ceràmica d'Ignacio Brugarolas. La primera tindrà lloc el proper DISSABTE 15 de juliol, a les 19:00 h, i anirà a  càrrec de Josep A. Cerdà, comissari de la mostra i autor del catàleg.Ens agradarà molt comptar amb la vostra presència.Activitat gratuïta amb aforament limitat.Imprescindible reserva prèvia.

Fundació Mascort

Activités
