{"id":11451,"date":"2020-03-18T17:03:17","date_gmt":"2020-03-18T17:03:17","guid":{"rendered":"https:\/\/www.fundaciomascort.com\/publicacio\/pintura-espanola-en-la-coleccion-mascort\/"},"modified":"2024-04-29T00:01:01","modified_gmt":"2024-04-29T00:01:01","slug":"pintura-espanola-en-la-coleccion-mascort","status":"publish","type":"product","link":"https:\/\/www.fundaciomascort.com\/es\/publicacion\/pintura-espanola-en-la-coleccion-mascort\/","title":{"rendered":"Pintura espa\u00f1ola en la Colecci\u00f3n Mascort"},"content":{"rendered":"<p>Con motivo de la exposici\u00f3n <em>Pintura espa\u00f1ola en la Colecci\u00f3n Mascort. Visiones 1800-1950<\/em>, la Fundaci\u00f3n Mascort edita un libro-cat\u00e1logo hom\u00f3nimo, escrito por la doctora en Historia del arte <strong>Rosa Maria Creixell<\/strong>, profesora en la Universidad de Barcelona. Se han estudiado y catalogado todas las obras, reproducidas en color en esta edici\u00f3n, y con traducci\u00f3n de los textos introductorios al ingl\u00e9s y franc\u00e9s.<\/p>\n<p>Autores capitales como Josep Cusachs, Mari\u00e0 Fortuny, Mart\u00edn Rico, Jos\u00e9 Navarro, Joaqu\u00edn Luque Rosell\u00f3, Arcadio Mas, Joaquim Mir, Cecilio Pla, entre otros, est\u00e1n representados a trav\u00e9s de obras poco conocidas e interesantes, como <em>Naranjos en la Huerta del Retiro<\/em>, de Mart\u00edn Rico en 1875, que destaca por la magn\u00edfica captaci\u00f3n de la luz y ambiente de este lugar hist\u00f3rico en Sevilla; <em>Copia de dos cabezas de La rendici\u00f3n de Breda de Vel\u00e1zquez<\/em> de Mari\u00e0 Fortuny, de c. 1860-67, realizado durante su etapa de estudio de los maestros cl\u00e1sicos en el Museo del Prado. Una tercera obra subrayar ser\u00eda <em>Maniobra de divisi\u00f3n<\/em> de Josep Cusachs, gracias a la cual el artista alcanzar\u00eda la medalla de oro en la <em>Exposici\u00f3n Internacional<\/em> de Berl\u00edn 1891.<\/p>\n","protected":false},"excerpt":{"rendered":"<p>Con motivo de la exposici\u00f3n Pintura espa\u00f1ola en la Colecci\u00f3n Mascort. Visiones 1800-1950, la Fundaci\u00f3n Mascort edita un libro-cat\u00e1logo hom\u00f3nimo, escrito por la doctora en Historia del arte Rosa Maria Creixell, profesora en la Universidad de Barcelona. Se han estudiado y catalogado todas las obras, reproducidas en color en esta edici\u00f3n, y con traducci\u00f3n de [&hellip;]<\/p>\n","protected":false},"featured_media":9565,"template":"","meta":{"_acf_changed":false},"product_brand":[],"product_cat":[40],"product_tag":[],"class_list":{"0":"post-11451","1":"product","2":"type-product","3":"status-publish","4":"has-post-thumbnail","6":"product_cat-sense-categoria-es","8":"first","9":"instock","10":"sale","11":"taxable","12":"shipping-taxable","13":"purchasable","14":"product-type-simple"},"acf":[],"yoast_head":"<!-- This site is optimized with the Yoast SEO plugin v25.6 - https:\/\/yoast.com\/wordpress\/plugins\/seo\/ -->\n<title>Pintura espa\u00f1ola en la Colecci\u00f3n Mascort - Fundaci\u00f3 Mascort<\/title>\n<meta name=\"robots\" content=\"index, follow, max-snippet:-1, max-image-preview:large, max-video-preview:-1\" \/>\n<link rel=\"canonical\" href=\"https:\/\/www.fundaciomascort.com\/es\/publicacion\/pintura-espanola-en-la-coleccion-mascort\/\" \/>\n<meta property=\"og:locale\" content=\"es_ES\" \/>\n<meta property=\"og:type\" content=\"article\" \/>\n<meta property=\"og:title\" content=\"Pintura espa\u00f1ola en la Colecci\u00f3n Mascort - Fundaci\u00f3 Mascort\" \/>\n<meta property=\"og:description\" content=\"Con motivo de la exposici\u00f3n Pintura espa\u00f1ola en la Colecci\u00f3n Mascort. Visiones 1800-1950, la Fundaci\u00f3n Mascort edita un libro-cat\u00e1logo hom\u00f3nimo, escrito por la doctora en Historia del arte Rosa Maria Creixell, profesora en la Universidad de Barcelona. Se han estudiado y catalogado todas las obras, reproducidas en color en esta edici\u00f3n, y con traducci\u00f3n de [&hellip;]\" \/>\n<meta property=\"og:url\" content=\"https:\/\/www.fundaciomascort.com\/es\/publicacion\/pintura-espanola-en-la-coleccion-mascort\/\" \/>\n<meta property=\"og:site_name\" content=\"Fundaci\u00f3 Mascort\" \/>\n<meta property=\"article:publisher\" content=\"https:\/\/www.facebook.com\/fundaciomascort\" \/>\n<meta property=\"article:modified_time\" content=\"2024-04-29T00:01:01+00:00\" \/>\n<meta property=\"og:image\" content=\"https:\/\/www.fundaciomascort.com\/wp-content\/uploads\/2020\/03\/Coberta-pintura-espanola.jpg\" \/>\n\t<meta property=\"og:image:width\" content=\"595\" \/>\n\t<meta property=\"og:image:height\" content=\"709\" \/>\n\t<meta property=\"og:image:type\" content=\"image\/jpeg\" \/>\n<meta name=\"twitter:card\" content=\"summary_large_image\" \/>\n<meta name=\"twitter:site\" content=\"@fundaciomascort\" \/>\n<meta name=\"twitter:label1\" content=\"Tiempo de lectura\" \/>\n\t<meta name=\"twitter:data1\" content=\"1 minuto\" \/>\n<script type=\"application\/ld+json\" class=\"yoast-schema-graph\">{\"@context\":\"https:\/\/schema.org\",\"@graph\":[{\"@type\":\"WebPage\",\"@id\":\"https:\/\/www.fundaciomascort.com\/es\/publicacion\/pintura-espanola-en-la-coleccion-mascort\/\",\"url\":\"https:\/\/www.fundaciomascort.com\/es\/publicacion\/pintura-espanola-en-la-coleccion-mascort\/\",\"name\":\"Pintura espa\u00f1ola en la Colecci\u00f3n Mascort - Fundaci\u00f3 Mascort\",\"isPartOf\":{\"@id\":\"https:\/\/www.fundaciomascort.com\/es\/#website\"},\"primaryImageOfPage\":{\"@id\":\"https:\/\/www.fundaciomascort.com\/es\/publicacion\/pintura-espanola-en-la-coleccion-mascort\/#primaryimage\"},\"image\":{\"@id\":\"https:\/\/www.fundaciomascort.com\/es\/publicacion\/pintura-espanola-en-la-coleccion-mascort\/#primaryimage\"},\"thumbnailUrl\":\"https:\/\/www.fundaciomascort.com\/wp-content\/uploads\/2020\/03\/Coberta-pintura-espanola.jpg\",\"datePublished\":\"2020-03-18T17:03:17+00:00\",\"dateModified\":\"2024-04-29T00:01:01+00:00\",\"breadcrumb\":{\"@id\":\"https:\/\/www.fundaciomascort.com\/es\/publicacion\/pintura-espanola-en-la-coleccion-mascort\/#breadcrumb\"},\"inLanguage\":\"es\",\"potentialAction\":[{\"@type\":\"ReadAction\",\"target\":[\"https:\/\/www.fundaciomascort.com\/es\/publicacion\/pintura-espanola-en-la-coleccion-mascort\/\"]}]},{\"@type\":\"ImageObject\",\"inLanguage\":\"es\",\"@id\":\"https:\/\/www.fundaciomascort.com\/es\/publicacion\/pintura-espanola-en-la-coleccion-mascort\/#primaryimage\",\"url\":\"https:\/\/www.fundaciomascort.com\/wp-content\/uploads\/2020\/03\/Coberta-pintura-espanola.jpg\",\"contentUrl\":\"https:\/\/www.fundaciomascort.com\/wp-content\/uploads\/2020\/03\/Coberta-pintura-espanola.jpg\",\"width\":595,\"height\":709},{\"@type\":\"BreadcrumbList\",\"@id\":\"https:\/\/www.fundaciomascort.com\/es\/publicacion\/pintura-espanola-en-la-coleccion-mascort\/#breadcrumb\",\"itemListElement\":[{\"@type\":\"ListItem\",\"position\":1,\"name\":\"Home\",\"item\":\"https:\/\/www.fundaciomascort.com\/es\/\"},{\"@type\":\"ListItem\",\"position\":2,\"name\":\"Publicaciones\",\"item\":\"https:\/\/www.fundaciomascort.com\/es\/publicacions\/\"},{\"@type\":\"ListItem\",\"position\":3,\"name\":\"Pintura espa\u00f1ola en la Colecci\u00f3n Mascort\"}]},{\"@type\":\"WebSite\",\"@id\":\"https:\/\/www.fundaciomascort.com\/es\/#website\",\"url\":\"https:\/\/www.fundaciomascort.com\/es\/\",\"name\":\"Fundaci\u00f3 Mascort\",\"description\":\"Esperem que compartiu amb nosaltres les exposicions de la Casa Galibern i les nostres publicacions.\",\"potentialAction\":[{\"@type\":\"SearchAction\",\"target\":{\"@type\":\"EntryPoint\",\"urlTemplate\":\"https:\/\/www.fundaciomascort.com\/es\/?s={search_term_string}\"},\"query-input\":{\"@type\":\"PropertyValueSpecification\",\"valueRequired\":true,\"valueName\":\"search_term_string\"}}],\"inLanguage\":\"es\"}]}<\/script>\n<!-- \/ Yoast SEO plugin. -->","yoast_head_json":{"title":"Pintura espa\u00f1ola en la Colecci\u00f3n Mascort - Fundaci\u00f3 Mascort","robots":{"index":"index","follow":"follow","max-snippet":"max-snippet:-1","max-image-preview":"max-image-preview:large","max-video-preview":"max-video-preview:-1"},"canonical":"https:\/\/www.fundaciomascort.com\/es\/publicacion\/pintura-espanola-en-la-coleccion-mascort\/","og_locale":"es_ES","og_type":"article","og_title":"Pintura espa\u00f1ola en la Colecci\u00f3n Mascort - Fundaci\u00f3 Mascort","og_description":"Con motivo de la exposici\u00f3n Pintura espa\u00f1ola en la Colecci\u00f3n Mascort. Visiones 1800-1950, la Fundaci\u00f3n Mascort edita un libro-cat\u00e1logo hom\u00f3nimo, escrito por la doctora en Historia del arte Rosa Maria Creixell, profesora en la Universidad de Barcelona. Se han estudiado y catalogado todas las obras, reproducidas en color en esta edici\u00f3n, y con traducci\u00f3n de [&hellip;]","og_url":"https:\/\/www.fundaciomascort.com\/es\/publicacion\/pintura-espanola-en-la-coleccion-mascort\/","og_site_name":"Fundaci\u00f3 Mascort","article_publisher":"https:\/\/www.facebook.com\/fundaciomascort","article_modified_time":"2024-04-29T00:01:01+00:00","og_image":[{"width":595,"height":709,"url":"https:\/\/www.fundaciomascort.com\/wp-content\/uploads\/2020\/03\/Coberta-pintura-espanola.jpg","type":"image\/jpeg"}],"twitter_card":"summary_large_image","twitter_site":"@fundaciomascort","twitter_misc":{"Tiempo de lectura":"1 minuto"},"schema":{"@context":"https:\/\/schema.org","@graph":[{"@type":"WebPage","@id":"https:\/\/www.fundaciomascort.com\/es\/publicacion\/pintura-espanola-en-la-coleccion-mascort\/","url":"https:\/\/www.fundaciomascort.com\/es\/publicacion\/pintura-espanola-en-la-coleccion-mascort\/","name":"Pintura espa\u00f1ola en la Colecci\u00f3n Mascort - Fundaci\u00f3 Mascort","isPartOf":{"@id":"https:\/\/www.fundaciomascort.com\/es\/#website"},"primaryImageOfPage":{"@id":"https:\/\/www.fundaciomascort.com\/es\/publicacion\/pintura-espanola-en-la-coleccion-mascort\/#primaryimage"},"image":{"@id":"https:\/\/www.fundaciomascort.com\/es\/publicacion\/pintura-espanola-en-la-coleccion-mascort\/#primaryimage"},"thumbnailUrl":"https:\/\/www.fundaciomascort.com\/wp-content\/uploads\/2020\/03\/Coberta-pintura-espanola.jpg","datePublished":"2020-03-18T17:03:17+00:00","dateModified":"2024-04-29T00:01:01+00:00","breadcrumb":{"@id":"https:\/\/www.fundaciomascort.com\/es\/publicacion\/pintura-espanola-en-la-coleccion-mascort\/#breadcrumb"},"inLanguage":"es","potentialAction":[{"@type":"ReadAction","target":["https:\/\/www.fundaciomascort.com\/es\/publicacion\/pintura-espanola-en-la-coleccion-mascort\/"]}]},{"@type":"ImageObject","inLanguage":"es","@id":"https:\/\/www.fundaciomascort.com\/es\/publicacion\/pintura-espanola-en-la-coleccion-mascort\/#primaryimage","url":"https:\/\/www.fundaciomascort.com\/wp-content\/uploads\/2020\/03\/Coberta-pintura-espanola.jpg","contentUrl":"https:\/\/www.fundaciomascort.com\/wp-content\/uploads\/2020\/03\/Coberta-pintura-espanola.jpg","width":595,"height":709},{"@type":"BreadcrumbList","@id":"https:\/\/www.fundaciomascort.com\/es\/publicacion\/pintura-espanola-en-la-coleccion-mascort\/#breadcrumb","itemListElement":[{"@type":"ListItem","position":1,"name":"Home","item":"https:\/\/www.fundaciomascort.com\/es\/"},{"@type":"ListItem","position":2,"name":"Publicaciones","item":"https:\/\/www.fundaciomascort.com\/es\/publicacions\/"},{"@type":"ListItem","position":3,"name":"Pintura espa\u00f1ola en la Colecci\u00f3n Mascort"}]},{"@type":"WebSite","@id":"https:\/\/www.fundaciomascort.com\/es\/#website","url":"https:\/\/www.fundaciomascort.com\/es\/","name":"Fundaci\u00f3 Mascort","description":"Esperem que compartiu amb nosaltres les exposicions de la Casa Galibern i les nostres publicacions.","potentialAction":[{"@type":"SearchAction","target":{"@type":"EntryPoint","urlTemplate":"https:\/\/www.fundaciomascort.com\/es\/?s={search_term_string}"},"query-input":{"@type":"PropertyValueSpecification","valueRequired":true,"valueName":"search_term_string"}}],"inLanguage":"es"}]}},"_links":{"self":[{"href":"https:\/\/www.fundaciomascort.com\/es\/wp-json\/wp\/v2\/product\/11451"}],"collection":[{"href":"https:\/\/www.fundaciomascort.com\/es\/wp-json\/wp\/v2\/product"}],"about":[{"href":"https:\/\/www.fundaciomascort.com\/es\/wp-json\/wp\/v2\/types\/product"}],"wp:featuredmedia":[{"embeddable":true,"href":"https:\/\/www.fundaciomascort.com\/es\/wp-json\/wp\/v2\/media\/9565"}],"wp:attachment":[{"href":"https:\/\/www.fundaciomascort.com\/es\/wp-json\/wp\/v2\/media?parent=11451"}],"wp:term":[{"taxonomy":"product_brand","embeddable":true,"href":"https:\/\/www.fundaciomascort.com\/es\/wp-json\/wp\/v2\/product_brand?post=11451"},{"taxonomy":"product_cat","embeddable":true,"href":"https:\/\/www.fundaciomascort.com\/es\/wp-json\/wp\/v2\/product_cat?post=11451"},{"taxonomy":"product_tag","embeddable":true,"href":"https:\/\/www.fundaciomascort.com\/es\/wp-json\/wp\/v2\/product_tag?post=11451"}],"curies":[{"name":"wp","href":"https:\/\/api.w.org\/{rel}","templated":true}]}}

Pintura española en la Colección Mascort

<p>Con motivo de la exposición <em>Pintura española en la Colección Mascort. Visiones 1800-1950</em>, la Fundación Mascort edita un libro-catálogo homónimo, escrito por la doctora en Historia del arte <strong>Rosa Maria Creixell</strong>, profesora en la Universidad de Barcelona. Se han estudiado y catalogado todas las obras, reproducidas en color en esta edición, y con traducción de los textos introductorios al inglés y francés.</p>
<p>Autores capitales como Josep Cusachs, Marià Fortuny, Martín Rico, José Navarro, Joaquín Luque Roselló, Arcadio Mas, Joaquim Mir, Cecilio Pla, entre otros, están representados a través de obras poco conocidas e interesantes, como <em>Naranjos en la Huerta del Retiro</em>, de Martín Rico en 1875, que destaca por la magnífica captación de la luz y ambiente de este lugar histórico en Sevilla; <em>Copia de dos cabezas de La rendición de Breda de Velázquez</em> de Marià Fortuny, de c. 1860-67, realizado durante su etapa de estudio de los maestros clásicos en el Museo del Prado. Una tercera obra subrayar sería <em>Maniobra de división</em> de Josep Cusachs, gracias a la cual el artista alcanzaría la medalla de oro en la <em>Exposición Internacional</em> de Berlín 1891.</p>

<p>Con motivo de la exposición Pintura española en la Colección Mascort. Visiones 1800-1950, la Fundación Mascort edita un libro-catálogo homónimo, escrito por la doctora en Historia del arte Rosa Maria Creixell, profesora en la Universidad de Barcelona. Se han estudiado y catalogado todas las obras, reproducidas en color en esta edición, y con traducción de [&hellip;]</p>

<!-- This site is optimized with the Yoast SEO plugin v25.6 - https://yoast.com/wordpress/plugins/seo/ -->
<title>Pintura española en la Colección Mascort - Fundació Mascort</title>
<meta name="robots" content="index, follow, max-snippet:-1, max-image-preview:large, max-video-preview:-1" />
<link rel="canonical" href="https://www.fundaciomascort.com/es/publicacion/pintura-espanola-en-la-coleccion-mascort/" />
<meta property="og:locale" content="es_ES" />
<meta property="og:type" content="article" />
<meta property="og:title" content="Pintura española en la Colección Mascort - Fundació Mascort" />
<meta property="og:description" content="Con motivo de la exposición Pintura española en la Colección Mascort. Visiones 1800-1950, la Fundación Mascort edita un libro-catálogo homónimo, escrito por la doctora en Historia del arte Rosa Maria Creixell, profesora en la Universidad de Barcelona. Se han estudiado y catalogado todas las obras, reproducidas en color en esta edición, y con traducción de [&hellip;]" />
<meta property="og:url" content="https://www.fundaciomascort.com/es/publicacion/pintura-espanola-en-la-coleccion-mascort/" />
<meta property="og:site_name" content="Fundació Mascort" />
<meta property="article:publisher" content="https://www.facebook.com/fundaciomascort" />
<meta property="article:modified_time" content="2024-04-29T00:01:01+00:00" />
<meta property="og:image" content="https://www.fundaciomascort.com/wp-content/uploads/2020/03/Coberta-pintura-espanola.jpg" />
	<meta property="og:image:width" content="595" />
	<meta property="og:image:height" content="709" />
	<meta property="og:image:type" content="image/jpeg" />
<meta name="twitter:card" content="summary_large_image" />
<meta name="twitter:site" content="@fundaciomascort" />
<meta name="twitter:label1" content="Tiempo de lectura" />
	<meta name="twitter:data1" content="1 minuto" />
<script type="application/ld+json" class="yoast-schema-graph">{"@context":"https://schema.org","@graph":[{"@type":"WebPage","@id":"https://www.fundaciomascort.com/es/publicacion/pintura-espanola-en-la-coleccion-mascort/","url":"https://www.fundaciomascort.com/es/publicacion/pintura-espanola-en-la-coleccion-mascort/","name":"Pintura española en la Colección Mascort - Fundació Mascort","isPartOf":{"@id":"https://www.fundaciomascort.com/es/#website"},"primaryImageOfPage":{"@id":"https://www.fundaciomascort.com/es/publicacion/pintura-espanola-en-la-coleccion-mascort/#primaryimage"},"image":{"@id":"https://www.fundaciomascort.com/es/publicacion/pintura-espanola-en-la-coleccion-mascort/#primaryimage"},"thumbnailUrl":"https://www.fundaciomascort.com/wp-content/uploads/2020/03/Coberta-pintura-espanola.jpg","datePublished":"2020-03-18T17:03:17+00:00","dateModified":"2024-04-29T00:01:01+00:00","breadcrumb":{"@id":"https://www.fundaciomascort.com/es/publicacion/pintura-espanola-en-la-coleccion-mascort/#breadcrumb"},"inLanguage":"es","potentialAction":[{"@type":"ReadAction","target":["https://www.fundaciomascort.com/es/publicacion/pintura-espanola-en-la-coleccion-mascort/"]}]},{"@type":"ImageObject","inLanguage":"es","@id":"https://www.fundaciomascort.com/es/publicacion/pintura-espanola-en-la-coleccion-mascort/#primaryimage","url":"https://www.fundaciomascort.com/wp-content/uploads/2020/03/Coberta-pintura-espanola.jpg","contentUrl":"https://www.fundaciomascort.com/wp-content/uploads/2020/03/Coberta-pintura-espanola.jpg","width":595,"height":709},{"@type":"BreadcrumbList","@id":"https://www.fundaciomascort.com/es/publicacion/pintura-espanola-en-la-coleccion-mascort/#breadcrumb","itemListElement":[{"@type":"ListItem","position":1,"name":"Home","item":"https://www.fundaciomascort.com/es/"},{"@type":"ListItem","position":2,"name":"Publicaciones","item":"https://www.fundaciomascort.com/es/publicacions/"},{"@type":"ListItem","position":3,"name":"Pintura española en la Colección Mascort"}]},{"@type":"WebSite","@id":"https://www.fundaciomascort.com/es/#website","url":"https://www.fundaciomascort.com/es/","name":"Fundació Mascort","description":"Esperem que compartiu amb nosaltres les exposicions de la Casa Galibern i les nostres publicacions.","potentialAction":[{"@type":"SearchAction","target":{"@type":"EntryPoint","urlTemplate":"https://www.fundaciomascort.com/es/?s={search_term_string}"},"query-input":{"@type":"PropertyValueSpecification","valueRequired":true,"valueName":"search_term_string"}}],"inLanguage":"es"}]}</script>
<!-- / Yoast SEO plugin. -->

Pintura española en la Colección Mascort - Fundació Mascort

Con motivo de la exposición Pintura española en la Colección Mascort. Visiones 1800-1950, la Fundación Mascort edita un libro-catálogo homónimo, escrito por la doctora en Historia del arte Rosa Maria Creixell, profesora en la Universidad de Barcelona. Se han estudiado y catalogado todas las obras, reproducidas en color en esta edición, y con traducción de [&hellip;]

Fundació Mascort
