{"id":11061,"date":"2020-01-21T10:21:24","date_gmt":"2020-01-21T10:21:24","guid":{"rendered":"https:\/\/www.fundaciomascort.com\/publicacio\/todos-los-pajaros-y-mamiferos-del-mundo\/"},"modified":"2024-04-29T00:01:00","modified_gmt":"2024-04-29T00:01:00","slug":"tots-els-ocells-i-mamifers-del-mon","status":"publish","type":"product","link":"https:\/\/www.fundaciomascort.com\/es\/publicacion\/tots-els-ocells-i-mamifers-del-mon\/","title":{"rendered":"Tots els ocells i mam\u00edfers del m\u00f3n"},"content":{"rendered":"<p>El cat\u00e1logo de la exposici\u00f3n hace un recorrido por la historia de Lynx Edicions: c\u00f3mo se cre\u00f3 la editorial a partir de la idea, alocada por muchos, de producir por primera vez una obra enciclop\u00e9dica que tratara todas las aves del mundo. Nos cuenta las dificultades que se encontraron los tres socios, Ramon Mascort, Josep del Hoyo y Jordi Sargatal, en los a\u00f1os iniciales de la obra y como la llevaron a buen puerto. Tambi\u00e9n se hace menci\u00f3n de los otros proyectos editoriales, tanto los que forman parte de la historia como los de futuro.<\/p>\n<p>Incluye las 75 l\u00e1minas de aves expuestas, de artistas naturalistas tan destacados como Hilary Burn, Francesc Jutglar, Ian Willis, Chris Rose o Ian Lewington, entre otros. Tambi\u00e9n incluye 14 l\u00e1minas que muestran una buena variedad de los grupos que forman la clase mammalia, dibujadas principalmente por el reconocido artista Toni Llobet.<\/p>\n<p>Finalmente, ordenadas cronol\u00f3gicamente, se muestran todas las obras publicadas por la editorial, que engloban unos 200 t\u00edtulos de tem\u00e1tica natural\u00edstica.<\/p>\n","protected":false},"excerpt":{"rendered":"<p>ISBN:\u00a0978-84-09-16011-2<\/p>\n<p><strong>Josep del Hoyo i Jordi Sargatal<\/strong><\/p>\n<p>2019<\/p>\n<p>25 x 21 cm<\/p>\n<p>P\u00e0g. 196<\/p>\n","protected":false},"featured_media":9490,"template":"","meta":{"_acf_changed":false},"product_brand":[],"product_cat":[40],"product_tag":[],"class_list":{"0":"post-11061","1":"product","2":"type-product","3":"status-publish","4":"has-post-thumbnail","6":"product_cat-sense-categoria-es","8":"first","9":"instock","10":"sale","11":"taxable","12":"shipping-taxable","13":"purchasable","14":"product-type-simple"},"acf":[],"yoast_head":"<!-- This site is optimized with the Yoast SEO plugin v25.6 - https:\/\/yoast.com\/wordpress\/plugins\/seo\/ -->\n<title>Tots els ocells i mam\u00edfers del m\u00f3n - Fundaci\u00f3 Mascort<\/title>\n<meta name=\"robots\" content=\"index, follow, max-snippet:-1, max-image-preview:large, max-video-preview:-1\" \/>\n<link rel=\"canonical\" href=\"https:\/\/www.fundaciomascort.com\/es\/publicacion\/tots-els-ocells-i-mamifers-del-mon\/\" \/>\n<meta property=\"og:locale\" content=\"es_ES\" \/>\n<meta property=\"og:type\" content=\"article\" \/>\n<meta property=\"og:title\" content=\"Tots els ocells i mam\u00edfers del m\u00f3n - Fundaci\u00f3 Mascort\" \/>\n<meta property=\"og:description\" content=\"ISBN:\u00a0978-84-09-16011-2 Josep del Hoyo i Jordi Sargatal 2019 25 x 21 cm P\u00e0g. 196\" \/>\n<meta property=\"og:url\" content=\"https:\/\/www.fundaciomascort.com\/es\/publicacion\/tots-els-ocells-i-mamifers-del-mon\/\" \/>\n<meta property=\"og:site_name\" content=\"Fundaci\u00f3 Mascort\" \/>\n<meta property=\"article:publisher\" content=\"https:\/\/www.facebook.com\/fundaciomascort\" \/>\n<meta property=\"article:modified_time\" content=\"2024-04-29T00:01:00+00:00\" \/>\n<meta property=\"og:image\" content=\"https:\/\/www.fundaciomascort.com\/wp-content\/uploads\/2020\/01\/Coberta-Lynx30.jpg\" \/>\n\t<meta property=\"og:image:width\" content=\"599\" \/>\n\t<meta property=\"og:image:height\" content=\"709\" \/>\n\t<meta property=\"og:image:type\" content=\"image\/jpeg\" \/>\n<meta name=\"twitter:card\" content=\"summary_large_image\" \/>\n<meta name=\"twitter:site\" content=\"@fundaciomascort\" \/>\n<meta name=\"twitter:label1\" content=\"Tiempo de lectura\" \/>\n\t<meta name=\"twitter:data1\" content=\"1 minuto\" \/>\n<script type=\"application\/ld+json\" class=\"yoast-schema-graph\">{\"@context\":\"https:\/\/schema.org\",\"@graph\":[{\"@type\":\"WebPage\",\"@id\":\"https:\/\/www.fundaciomascort.com\/es\/publicacion\/tots-els-ocells-i-mamifers-del-mon\/\",\"url\":\"https:\/\/www.fundaciomascort.com\/es\/publicacion\/tots-els-ocells-i-mamifers-del-mon\/\",\"name\":\"Tots els ocells i mam\u00edfers del m\u00f3n - Fundaci\u00f3 Mascort\",\"isPartOf\":{\"@id\":\"https:\/\/www.fundaciomascort.com\/es\/#website\"},\"primaryImageOfPage\":{\"@id\":\"https:\/\/www.fundaciomascort.com\/es\/publicacion\/tots-els-ocells-i-mamifers-del-mon\/#primaryimage\"},\"image\":{\"@id\":\"https:\/\/www.fundaciomascort.com\/es\/publicacion\/tots-els-ocells-i-mamifers-del-mon\/#primaryimage\"},\"thumbnailUrl\":\"https:\/\/www.fundaciomascort.com\/wp-content\/uploads\/2020\/01\/Coberta-Lynx30.jpg\",\"datePublished\":\"2020-01-21T10:21:24+00:00\",\"dateModified\":\"2024-04-29T00:01:00+00:00\",\"breadcrumb\":{\"@id\":\"https:\/\/www.fundaciomascort.com\/es\/publicacion\/tots-els-ocells-i-mamifers-del-mon\/#breadcrumb\"},\"inLanguage\":\"es\",\"potentialAction\":[{\"@type\":\"ReadAction\",\"target\":[\"https:\/\/www.fundaciomascort.com\/es\/publicacion\/tots-els-ocells-i-mamifers-del-mon\/\"]}]},{\"@type\":\"ImageObject\",\"inLanguage\":\"es\",\"@id\":\"https:\/\/www.fundaciomascort.com\/es\/publicacion\/tots-els-ocells-i-mamifers-del-mon\/#primaryimage\",\"url\":\"https:\/\/www.fundaciomascort.com\/wp-content\/uploads\/2020\/01\/Coberta-Lynx30.jpg\",\"contentUrl\":\"https:\/\/www.fundaciomascort.com\/wp-content\/uploads\/2020\/01\/Coberta-Lynx30.jpg\",\"width\":599,\"height\":709},{\"@type\":\"BreadcrumbList\",\"@id\":\"https:\/\/www.fundaciomascort.com\/es\/publicacion\/tots-els-ocells-i-mamifers-del-mon\/#breadcrumb\",\"itemListElement\":[{\"@type\":\"ListItem\",\"position\":1,\"name\":\"Home\",\"item\":\"https:\/\/www.fundaciomascort.com\/es\/\"},{\"@type\":\"ListItem\",\"position\":2,\"name\":\"Publicaciones\",\"item\":\"https:\/\/www.fundaciomascort.com\/es\/publicacions\/\"},{\"@type\":\"ListItem\",\"position\":3,\"name\":\"Tots els ocells i mam\u00edfers del m\u00f3n\"}]},{\"@type\":\"WebSite\",\"@id\":\"https:\/\/www.fundaciomascort.com\/es\/#website\",\"url\":\"https:\/\/www.fundaciomascort.com\/es\/\",\"name\":\"Fundaci\u00f3 Mascort\",\"description\":\"Esperem que compartiu amb nosaltres les exposicions de la Casa Galibern i les nostres publicacions.\",\"potentialAction\":[{\"@type\":\"SearchAction\",\"target\":{\"@type\":\"EntryPoint\",\"urlTemplate\":\"https:\/\/www.fundaciomascort.com\/es\/?s={search_term_string}\"},\"query-input\":{\"@type\":\"PropertyValueSpecification\",\"valueRequired\":true,\"valueName\":\"search_term_string\"}}],\"inLanguage\":\"es\"}]}<\/script>\n<!-- \/ Yoast SEO plugin. -->","yoast_head_json":{"title":"Tots els ocells i mam\u00edfers del m\u00f3n - Fundaci\u00f3 Mascort","robots":{"index":"index","follow":"follow","max-snippet":"max-snippet:-1","max-image-preview":"max-image-preview:large","max-video-preview":"max-video-preview:-1"},"canonical":"https:\/\/www.fundaciomascort.com\/es\/publicacion\/tots-els-ocells-i-mamifers-del-mon\/","og_locale":"es_ES","og_type":"article","og_title":"Tots els ocells i mam\u00edfers del m\u00f3n - Fundaci\u00f3 Mascort","og_description":"ISBN:\u00a0978-84-09-16011-2 Josep del Hoyo i Jordi Sargatal 2019 25 x 21 cm P\u00e0g. 196","og_url":"https:\/\/www.fundaciomascort.com\/es\/publicacion\/tots-els-ocells-i-mamifers-del-mon\/","og_site_name":"Fundaci\u00f3 Mascort","article_publisher":"https:\/\/www.facebook.com\/fundaciomascort","article_modified_time":"2024-04-29T00:01:00+00:00","og_image":[{"width":599,"height":709,"url":"https:\/\/www.fundaciomascort.com\/wp-content\/uploads\/2020\/01\/Coberta-Lynx30.jpg","type":"image\/jpeg"}],"twitter_card":"summary_large_image","twitter_site":"@fundaciomascort","twitter_misc":{"Tiempo de lectura":"1 minuto"},"schema":{"@context":"https:\/\/schema.org","@graph":[{"@type":"WebPage","@id":"https:\/\/www.fundaciomascort.com\/es\/publicacion\/tots-els-ocells-i-mamifers-del-mon\/","url":"https:\/\/www.fundaciomascort.com\/es\/publicacion\/tots-els-ocells-i-mamifers-del-mon\/","name":"Tots els ocells i mam\u00edfers del m\u00f3n - Fundaci\u00f3 Mascort","isPartOf":{"@id":"https:\/\/www.fundaciomascort.com\/es\/#website"},"primaryImageOfPage":{"@id":"https:\/\/www.fundaciomascort.com\/es\/publicacion\/tots-els-ocells-i-mamifers-del-mon\/#primaryimage"},"image":{"@id":"https:\/\/www.fundaciomascort.com\/es\/publicacion\/tots-els-ocells-i-mamifers-del-mon\/#primaryimage"},"thumbnailUrl":"https:\/\/www.fundaciomascort.com\/wp-content\/uploads\/2020\/01\/Coberta-Lynx30.jpg","datePublished":"2020-01-21T10:21:24+00:00","dateModified":"2024-04-29T00:01:00+00:00","breadcrumb":{"@id":"https:\/\/www.fundaciomascort.com\/es\/publicacion\/tots-els-ocells-i-mamifers-del-mon\/#breadcrumb"},"inLanguage":"es","potentialAction":[{"@type":"ReadAction","target":["https:\/\/www.fundaciomascort.com\/es\/publicacion\/tots-els-ocells-i-mamifers-del-mon\/"]}]},{"@type":"ImageObject","inLanguage":"es","@id":"https:\/\/www.fundaciomascort.com\/es\/publicacion\/tots-els-ocells-i-mamifers-del-mon\/#primaryimage","url":"https:\/\/www.fundaciomascort.com\/wp-content\/uploads\/2020\/01\/Coberta-Lynx30.jpg","contentUrl":"https:\/\/www.fundaciomascort.com\/wp-content\/uploads\/2020\/01\/Coberta-Lynx30.jpg","width":599,"height":709},{"@type":"BreadcrumbList","@id":"https:\/\/www.fundaciomascort.com\/es\/publicacion\/tots-els-ocells-i-mamifers-del-mon\/#breadcrumb","itemListElement":[{"@type":"ListItem","position":1,"name":"Home","item":"https:\/\/www.fundaciomascort.com\/es\/"},{"@type":"ListItem","position":2,"name":"Publicaciones","item":"https:\/\/www.fundaciomascort.com\/es\/publicacions\/"},{"@type":"ListItem","position":3,"name":"Tots els ocells i mam\u00edfers del m\u00f3n"}]},{"@type":"WebSite","@id":"https:\/\/www.fundaciomascort.com\/es\/#website","url":"https:\/\/www.fundaciomascort.com\/es\/","name":"Fundaci\u00f3 Mascort","description":"Esperem que compartiu amb nosaltres les exposicions de la Casa Galibern i les nostres publicacions.","potentialAction":[{"@type":"SearchAction","target":{"@type":"EntryPoint","urlTemplate":"https:\/\/www.fundaciomascort.com\/es\/?s={search_term_string}"},"query-input":{"@type":"PropertyValueSpecification","valueRequired":true,"valueName":"search_term_string"}}],"inLanguage":"es"}]}},"_links":{"self":[{"href":"https:\/\/www.fundaciomascort.com\/es\/wp-json\/wp\/v2\/product\/11061"}],"collection":[{"href":"https:\/\/www.fundaciomascort.com\/es\/wp-json\/wp\/v2\/product"}],"about":[{"href":"https:\/\/www.fundaciomascort.com\/es\/wp-json\/wp\/v2\/types\/product"}],"wp:featuredmedia":[{"embeddable":true,"href":"https:\/\/www.fundaciomascort.com\/es\/wp-json\/wp\/v2\/media\/9490"}],"wp:attachment":[{"href":"https:\/\/www.fundaciomascort.com\/es\/wp-json\/wp\/v2\/media?parent=11061"}],"wp:term":[{"taxonomy":"product_brand","embeddable":true,"href":"https:\/\/www.fundaciomascort.com\/es\/wp-json\/wp\/v2\/product_brand?post=11061"},{"taxonomy":"product_cat","embeddable":true,"href":"https:\/\/www.fundaciomascort.com\/es\/wp-json\/wp\/v2\/product_cat?post=11061"},{"taxonomy":"product_tag","embeddable":true,"href":"https:\/\/www.fundaciomascort.com\/es\/wp-json\/wp\/v2\/product_tag?post=11061"}],"curies":[{"name":"wp","href":"https:\/\/api.w.org\/{rel}","templated":true}]}}

Tots els ocells i mamífers del món

<p>El catálogo de la exposición hace un recorrido por la historia de Lynx Edicions: cómo se creó la editorial a partir de la idea, alocada por muchos, de producir por primera vez una obra enciclopédica que tratara todas las aves del mundo. Nos cuenta las dificultades que se encontraron los tres socios, Ramon Mascort, Josep del Hoyo y Jordi Sargatal, en los años iniciales de la obra y como la llevaron a buen puerto. También se hace mención de los otros proyectos editoriales, tanto los que forman parte de la historia como los de futuro.</p>
<p>Incluye las 75 láminas de aves expuestas, de artistas naturalistas tan destacados como Hilary Burn, Francesc Jutglar, Ian Willis, Chris Rose o Ian Lewington, entre otros. También incluye 14 láminas que muestran una buena variedad de los grupos que forman la clase mammalia, dibujadas principalmente por el reconocido artista Toni Llobet.</p>
<p>Finalmente, ordenadas cronológicamente, se muestran todas las obras publicadas por la editorial, que engloban unos 200 títulos de temática naturalística.</p>

<p>ISBN: 978-84-09-16011-2</p>
<p><strong>Josep del Hoyo i Jordi Sargatal</strong></p>
<p>2019</p>
<p>25 x 21 cm</p>
<p>Pàg. 196</p>

<!-- This site is optimized with the Yoast SEO plugin v25.6 - https://yoast.com/wordpress/plugins/seo/ -->
<title>Tots els ocells i mamífers del món - Fundació Mascort</title>
<meta name="robots" content="index, follow, max-snippet:-1, max-image-preview:large, max-video-preview:-1" />
<link rel="canonical" href="https://www.fundaciomascort.com/es/publicacion/tots-els-ocells-i-mamifers-del-mon/" />
<meta property="og:locale" content="es_ES" />
<meta property="og:type" content="article" />
<meta property="og:title" content="Tots els ocells i mamífers del món - Fundació Mascort" />
<meta property="og:description" content="ISBN: 978-84-09-16011-2 Josep del Hoyo i Jordi Sargatal 2019 25 x 21 cm Pàg. 196" />
<meta property="og:url" content="https://www.fundaciomascort.com/es/publicacion/tots-els-ocells-i-mamifers-del-mon/" />
<meta property="og:site_name" content="Fundació Mascort" />
<meta property="article:publisher" content="https://www.facebook.com/fundaciomascort" />
<meta property="article:modified_time" content="2024-04-29T00:01:00+00:00" />
<meta property="og:image" content="https://www.fundaciomascort.com/wp-content/uploads/2020/01/Coberta-Lynx30.jpg" />
	<meta property="og:image:width" content="599" />
	<meta property="og:image:height" content="709" />
	<meta property="og:image:type" content="image/jpeg" />
<meta name="twitter:card" content="summary_large_image" />
<meta name="twitter:site" content="@fundaciomascort" />
<meta name="twitter:label1" content="Tiempo de lectura" />
	<meta name="twitter:data1" content="1 minuto" />
<script type="application/ld+json" class="yoast-schema-graph">{"@context":"https://schema.org","@graph":[{"@type":"WebPage","@id":"https://www.fundaciomascort.com/es/publicacion/tots-els-ocells-i-mamifers-del-mon/","url":"https://www.fundaciomascort.com/es/publicacion/tots-els-ocells-i-mamifers-del-mon/","name":"Tots els ocells i mamífers del món - Fundació Mascort","isPartOf":{"@id":"https://www.fundaciomascort.com/es/#website"},"primaryImageOfPage":{"@id":"https://www.fundaciomascort.com/es/publicacion/tots-els-ocells-i-mamifers-del-mon/#primaryimage"},"image":{"@id":"https://www.fundaciomascort.com/es/publicacion/tots-els-ocells-i-mamifers-del-mon/#primaryimage"},"thumbnailUrl":"https://www.fundaciomascort.com/wp-content/uploads/2020/01/Coberta-Lynx30.jpg","datePublished":"2020-01-21T10:21:24+00:00","dateModified":"2024-04-29T00:01:00+00:00","breadcrumb":{"@id":"https://www.fundaciomascort.com/es/publicacion/tots-els-ocells-i-mamifers-del-mon/#breadcrumb"},"inLanguage":"es","potentialAction":[{"@type":"ReadAction","target":["https://www.fundaciomascort.com/es/publicacion/tots-els-ocells-i-mamifers-del-mon/"]}]},{"@type":"ImageObject","inLanguage":"es","@id":"https://www.fundaciomascort.com/es/publicacion/tots-els-ocells-i-mamifers-del-mon/#primaryimage","url":"https://www.fundaciomascort.com/wp-content/uploads/2020/01/Coberta-Lynx30.jpg","contentUrl":"https://www.fundaciomascort.com/wp-content/uploads/2020/01/Coberta-Lynx30.jpg","width":599,"height":709},{"@type":"BreadcrumbList","@id":"https://www.fundaciomascort.com/es/publicacion/tots-els-ocells-i-mamifers-del-mon/#breadcrumb","itemListElement":[{"@type":"ListItem","position":1,"name":"Home","item":"https://www.fundaciomascort.com/es/"},{"@type":"ListItem","position":2,"name":"Publicaciones","item":"https://www.fundaciomascort.com/es/publicacions/"},{"@type":"ListItem","position":3,"name":"Tots els ocells i mamífers del món"}]},{"@type":"WebSite","@id":"https://www.fundaciomascort.com/es/#website","url":"https://www.fundaciomascort.com/es/","name":"Fundació Mascort","description":"Esperem que compartiu amb nosaltres les exposicions de la Casa Galibern i les nostres publicacions.","potentialAction":[{"@type":"SearchAction","target":{"@type":"EntryPoint","urlTemplate":"https://www.fundaciomascort.com/es/?s={search_term_string}"},"query-input":{"@type":"PropertyValueSpecification","valueRequired":true,"valueName":"search_term_string"}}],"inLanguage":"es"}]}</script>
<!-- / Yoast SEO plugin. -->

Tots els ocells i mamífers del món - Fundació Mascort

ISBN: 978-84-09-16011-2 Josep del Hoyo i Jordi Sargatal 2019 25 x 21 cm Pàg. 196

Fundació Mascort
