{"id":11732,"date":"2020-06-08T13:33:52","date_gmt":"2020-06-08T13:33:52","guid":{"rendered":"https:\/\/www.fundaciomascort.com\/ramon-mascort\/"},"modified":"2025-11-03T14:35:03","modified_gmt":"2025-11-03T14:35:03","slug":"ramon-mascort","status":"publish","type":"page","link":"https:\/\/www.fundaciomascort.com\/es\/ramon-mascort\/","title":{"rendered":"Ramon Mascort"},"content":{"rendered":"","protected":false},"excerpt":{"rendered":"","protected":false},"author":1,"featured_media":0,"parent":0,"menu_order":14,"comment_status":"closed","ping_status":"closed","template":"page-templates\/about_us.php","meta":{"_acf_changed":false,"footnotes":""},"class_list":["post-11732","page","type-page","status-publish","hentry"],"acf":[],"yoast_head":"<!-- This site is optimized with the Yoast SEO plugin v25.6 - https:\/\/yoast.com\/wordpress\/plugins\/seo\/ -->\n<title>Ramon Mascort - Fundaci\u00f3 Mascort<\/title>\n<meta name=\"description\" content=\"Ramon Mascort Amig\u00f3 (Barcelona, 1930 - L&#039;Estartit, 2025) naci\u00f3 en una familia de profundas ra\u00edces torroellenses. Desde finales del siglo XVIII, los Mascort ya viv\u00edan en Torroella de Montgr\u00ed cuando Agust\u00edn Mascort Plana (1770-1842), originario de Palafrugell, se instal\u00f3 como farmac\u00e9utico.\" \/>\n<meta name=\"robots\" content=\"index, follow, max-snippet:-1, max-image-preview:large, max-video-preview:-1\" \/>\n<link rel=\"canonical\" href=\"https:\/\/www.fundaciomascort.com\/es\/ramon-mascort\/\" \/>\n<meta property=\"og:locale\" content=\"es_ES\" \/>\n<meta property=\"og:type\" content=\"article\" \/>\n<meta property=\"og:title\" content=\"Ramon Mascort - Fundaci\u00f3 Mascort\" \/>\n<meta property=\"og:description\" content=\"Ramon Mascort Amig\u00f3 (Barcelona, 1930 - L&#039;Estartit, 2025) naci\u00f3 en una familia de profundas ra\u00edces torroellenses. Desde finales del siglo XVIII, los Mascort ya viv\u00edan en Torroella de Montgr\u00ed cuando Agust\u00edn Mascort Plana (1770-1842), originario de Palafrugell, se instal\u00f3 como farmac\u00e9utico.\" \/>\n<meta property=\"og:url\" content=\"https:\/\/www.fundaciomascort.com\/es\/ramon-mascort\/\" \/>\n<meta property=\"og:site_name\" content=\"Fundaci\u00f3 Mascort\" \/>\n<meta property=\"article:publisher\" content=\"https:\/\/www.facebook.com\/fundaciomascort\" \/>\n<meta property=\"article:modified_time\" content=\"2025-11-03T14:35:03+00:00\" \/>\n<meta name=\"twitter:card\" content=\"summary_large_image\" \/>\n<meta name=\"twitter:site\" content=\"@fundaciomascort\" \/>\n<script type=\"application\/ld+json\" class=\"yoast-schema-graph\">{\"@context\":\"https:\/\/schema.org\",\"@graph\":[{\"@type\":\"WebPage\",\"@id\":\"https:\/\/www.fundaciomascort.com\/es\/ramon-mascort\/\",\"url\":\"https:\/\/www.fundaciomascort.com\/es\/ramon-mascort\/\",\"name\":\"Ramon Mascort - Fundaci\u00f3 Mascort\",\"isPartOf\":{\"@id\":\"https:\/\/www.fundaciomascort.com\/es\/#website\"},\"datePublished\":\"2020-06-08T13:33:52+00:00\",\"dateModified\":\"2025-11-03T14:35:03+00:00\",\"description\":\"Ramon Mascort Amig\u00f3 (Barcelona, 1930 - L'Estartit, 2025) naci\u00f3 en una familia de profundas ra\u00edces torroellenses. Desde finales del siglo XVIII, los Mascort ya viv\u00edan en Torroella de Montgr\u00ed cuando Agust\u00edn Mascort Plana (1770-1842), originario de Palafrugell, se instal\u00f3 como farmac\u00e9utico.\",\"breadcrumb\":{\"@id\":\"https:\/\/www.fundaciomascort.com\/es\/ramon-mascort\/#breadcrumb\"},\"inLanguage\":\"es\",\"potentialAction\":[{\"@type\":\"ReadAction\",\"target\":[\"https:\/\/www.fundaciomascort.com\/es\/ramon-mascort\/\"]}]},{\"@type\":\"BreadcrumbList\",\"@id\":\"https:\/\/www.fundaciomascort.com\/es\/ramon-mascort\/#breadcrumb\",\"itemListElement\":[{\"@type\":\"ListItem\",\"position\":1,\"name\":\"Home\",\"item\":\"https:\/\/www.fundaciomascort.com\/es\/\"},{\"@type\":\"ListItem\",\"position\":2,\"name\":\"Ramon Mascort\"}]},{\"@type\":\"WebSite\",\"@id\":\"https:\/\/www.fundaciomascort.com\/es\/#website\",\"url\":\"https:\/\/www.fundaciomascort.com\/es\/\",\"name\":\"Fundaci\u00f3 Mascort\",\"description\":\"Esperem que compartiu amb nosaltres les exposicions de la Casa Galibern i les nostres publicacions.\",\"potentialAction\":[{\"@type\":\"SearchAction\",\"target\":{\"@type\":\"EntryPoint\",\"urlTemplate\":\"https:\/\/www.fundaciomascort.com\/es\/?s={search_term_string}\"},\"query-input\":{\"@type\":\"PropertyValueSpecification\",\"valueRequired\":true,\"valueName\":\"search_term_string\"}}],\"inLanguage\":\"es\"}]}<\/script>\n<!-- \/ Yoast SEO plugin. -->","yoast_head_json":{"title":"Ramon Mascort - Fundaci\u00f3 Mascort","description":"Ramon Mascort Amig\u00f3 (Barcelona, 1930 - L'Estartit, 2025) naci\u00f3 en una familia de profundas ra\u00edces torroellenses. Desde finales del siglo XVIII, los Mascort ya viv\u00edan en Torroella de Montgr\u00ed cuando Agust\u00edn Mascort Plana (1770-1842), originario de Palafrugell, se instal\u00f3 como farmac\u00e9utico.","robots":{"index":"index","follow":"follow","max-snippet":"max-snippet:-1","max-image-preview":"max-image-preview:large","max-video-preview":"max-video-preview:-1"},"canonical":"https:\/\/www.fundaciomascort.com\/es\/ramon-mascort\/","og_locale":"es_ES","og_type":"article","og_title":"Ramon Mascort - Fundaci\u00f3 Mascort","og_description":"Ramon Mascort Amig\u00f3 (Barcelona, 1930 - L'Estartit, 2025) naci\u00f3 en una familia de profundas ra\u00edces torroellenses. Desde finales del siglo XVIII, los Mascort ya viv\u00edan en Torroella de Montgr\u00ed cuando Agust\u00edn Mascort Plana (1770-1842), originario de Palafrugell, se instal\u00f3 como farmac\u00e9utico.","og_url":"https:\/\/www.fundaciomascort.com\/es\/ramon-mascort\/","og_site_name":"Fundaci\u00f3 Mascort","article_publisher":"https:\/\/www.facebook.com\/fundaciomascort","article_modified_time":"2025-11-03T14:35:03+00:00","twitter_card":"summary_large_image","twitter_site":"@fundaciomascort","schema":{"@context":"https:\/\/schema.org","@graph":[{"@type":"WebPage","@id":"https:\/\/www.fundaciomascort.com\/es\/ramon-mascort\/","url":"https:\/\/www.fundaciomascort.com\/es\/ramon-mascort\/","name":"Ramon Mascort - Fundaci\u00f3 Mascort","isPartOf":{"@id":"https:\/\/www.fundaciomascort.com\/es\/#website"},"datePublished":"2020-06-08T13:33:52+00:00","dateModified":"2025-11-03T14:35:03+00:00","description":"Ramon Mascort Amig\u00f3 (Barcelona, 1930 - L'Estartit, 2025) naci\u00f3 en una familia de profundas ra\u00edces torroellenses. Desde finales del siglo XVIII, los Mascort ya viv\u00edan en Torroella de Montgr\u00ed cuando Agust\u00edn Mascort Plana (1770-1842), originario de Palafrugell, se instal\u00f3 como farmac\u00e9utico.","breadcrumb":{"@id":"https:\/\/www.fundaciomascort.com\/es\/ramon-mascort\/#breadcrumb"},"inLanguage":"es","potentialAction":[{"@type":"ReadAction","target":["https:\/\/www.fundaciomascort.com\/es\/ramon-mascort\/"]}]},{"@type":"BreadcrumbList","@id":"https:\/\/www.fundaciomascort.com\/es\/ramon-mascort\/#breadcrumb","itemListElement":[{"@type":"ListItem","position":1,"name":"Home","item":"https:\/\/www.fundaciomascort.com\/es\/"},{"@type":"ListItem","position":2,"name":"Ramon Mascort"}]},{"@type":"WebSite","@id":"https:\/\/www.fundaciomascort.com\/es\/#website","url":"https:\/\/www.fundaciomascort.com\/es\/","name":"Fundaci\u00f3 Mascort","description":"Esperem que compartiu amb nosaltres les exposicions de la Casa Galibern i les nostres publicacions.","potentialAction":[{"@type":"SearchAction","target":{"@type":"EntryPoint","urlTemplate":"https:\/\/www.fundaciomascort.com\/es\/?s={search_term_string}"},"query-input":{"@type":"PropertyValueSpecification","valueRequired":true,"valueName":"search_term_string"}}],"inLanguage":"es"}]}},"_links":{"self":[{"href":"https:\/\/www.fundaciomascort.com\/es\/wp-json\/wp\/v2\/pages\/11732"}],"collection":[{"href":"https:\/\/www.fundaciomascort.com\/es\/wp-json\/wp\/v2\/pages"}],"about":[{"href":"https:\/\/www.fundaciomascort.com\/es\/wp-json\/wp\/v2\/types\/page"}],"author":[{"embeddable":true,"href":"https:\/\/www.fundaciomascort.com\/es\/wp-json\/wp\/v2\/users\/1"}],"replies":[{"embeddable":true,"href":"https:\/\/www.fundaciomascort.com\/es\/wp-json\/wp\/v2\/comments?post=11732"}],"version-history":[{"count":10,"href":"https:\/\/www.fundaciomascort.com\/es\/wp-json\/wp\/v2\/pages\/11732\/revisions"}],"predecessor-version":[{"id":15870,"href":"https:\/\/www.fundaciomascort.com\/es\/wp-json\/wp\/v2\/pages\/11732\/revisions\/15870"}],"wp:attachment":[{"href":"https:\/\/www.fundaciomascort.com\/es\/wp-json\/wp\/v2\/media?parent=11732"}],"curies":[{"name":"wp","href":"https:\/\/api.w.org\/{rel}","templated":true}]}}

<!-- This site is optimized with the Yoast SEO plugin v25.6 - https://yoast.com/wordpress/plugins/seo/ -->
<title>Ramon Mascort - Fundació Mascort</title>
<meta name="description" content="Ramon Mascort Amigó (Barcelona, 1930 - L&#039;Estartit, 2025) nació en una familia de profundas raíces torroellenses. Desde finales del siglo XVIII, los Mascort ya vivían en Torroella de Montgrí cuando Agustín Mascort Plana (1770-1842), originario de Palafrugell, se instaló como farmacéutico." />
<meta name="robots" content="index, follow, max-snippet:-1, max-image-preview:large, max-video-preview:-1" />
<link rel="canonical" href="https://www.fundaciomascort.com/es/ramon-mascort/" />
<meta property="og:locale" content="es_ES" />
<meta property="og:type" content="article" />
<meta property="og:title" content="Ramon Mascort - Fundació Mascort" />
<meta property="og:description" content="Ramon Mascort Amigó (Barcelona, 1930 - L&#039;Estartit, 2025) nació en una familia de profundas raíces torroellenses. Desde finales del siglo XVIII, los Mascort ya vivían en Torroella de Montgrí cuando Agustín Mascort Plana (1770-1842), originario de Palafrugell, se instaló como farmacéutico." />
<meta property="og:url" content="https://www.fundaciomascort.com/es/ramon-mascort/" />
<meta property="og:site_name" content="Fundació Mascort" />
<meta property="article:publisher" content="https://www.facebook.com/fundaciomascort" />
<meta property="article:modified_time" content="2025-11-03T14:35:03+00:00" />
<meta name="twitter:card" content="summary_large_image" />
<meta name="twitter:site" content="@fundaciomascort" />
<script type="application/ld+json" class="yoast-schema-graph">{"@context":"https://schema.org","@graph":[{"@type":"WebPage","@id":"https://www.fundaciomascort.com/es/ramon-mascort/","url":"https://www.fundaciomascort.com/es/ramon-mascort/","name":"Ramon Mascort - Fundació Mascort","isPartOf":{"@id":"https://www.fundaciomascort.com/es/#website"},"datePublished":"2020-06-08T13:33:52+00:00","dateModified":"2025-11-03T14:35:03+00:00","description":"Ramon Mascort Amigó (Barcelona, 1930 - L'Estartit, 2025) nació en una familia de profundas raíces torroellenses. Desde finales del siglo XVIII, los Mascort ya vivían en Torroella de Montgrí cuando Agustín Mascort Plana (1770-1842), originario de Palafrugell, se instaló como farmacéutico.","breadcrumb":{"@id":"https://www.fundaciomascort.com/es/ramon-mascort/#breadcrumb"},"inLanguage":"es","potentialAction":[{"@type":"ReadAction","target":["https://www.fundaciomascort.com/es/ramon-mascort/"]}]},{"@type":"BreadcrumbList","@id":"https://www.fundaciomascort.com/es/ramon-mascort/#breadcrumb","itemListElement":[{"@type":"ListItem","position":1,"name":"Home","item":"https://www.fundaciomascort.com/es/"},{"@type":"ListItem","position":2,"name":"Ramon Mascort"}]},{"@type":"WebSite","@id":"https://www.fundaciomascort.com/es/#website","url":"https://www.fundaciomascort.com/es/","name":"Fundació Mascort","description":"Esperem que compartiu amb nosaltres les exposicions de la Casa Galibern i les nostres publicacions.","potentialAction":[{"@type":"SearchAction","target":{"@type":"EntryPoint","urlTemplate":"https://www.fundaciomascort.com/es/?s={search_term_string}"},"query-input":{"@type":"PropertyValueSpecification","valueRequired":true,"valueName":"search_term_string"}}],"inLanguage":"es"}]}</script>
<!-- / Yoast SEO plugin. -->

Ramon Mascort - Fundació Mascort

Ramon Mascort Amigó (Barcelona, 1930 - L'Estartit, 2025) nació en una familia de profundas raíces torroellenses. Desde finales del siglo XVIII, los Mascort ya vivían en Torroella de Montgrí cuando Agustín Mascort Plana (1770-1842), originario de Palafrugell, se instaló como farmacéutico.

Fundació Mascort
