{"id":13223,"date":"2020-10-31T11:19:55","date_gmt":"2020-10-31T11:19:55","guid":{"rendered":"https:\/\/www.fundaciomascort.com\/selected_works\/santa-caterina-dalexandria-i-sant-vicenc-martir\/"},"modified":"2020-10-31T11:19:55","modified_gmt":"2020-10-31T11:19:55","slug":"santa-caterina-dalexandria-i-sant-vicenc-martir","status":"publish","type":"selected_works","link":"https:\/\/www.fundaciomascort.com\/en\/selected_works\/santa-caterina-dalexandria-i-sant-vicenc-martir\/","title":{"rendered":"Santa Caterina d&#8217;Alexandria i Sant Vicen\u00e7 M\u00e0rtir"},"content":{"rendered":"","protected":false},"featured_media":0,"template":"","type_of_work":[68],"class_list":["post-13223","selected_works","type-selected_works","status-publish","hentry","type_of_work-pintura-en"],"acf":[],"yoast_head":"<!-- This site is optimized with the Yoast SEO plugin v25.6 - https:\/\/yoast.com\/wordpress\/plugins\/seo\/ -->\n<title>Santa Caterina d&#039;Alexandria i Sant Vicen\u00e7 M\u00e0rtir - Fundaci\u00f3 Mascort<\/title>\n<meta name=\"robots\" content=\"index, follow, max-snippet:-1, max-image-preview:large, max-video-preview:-1\" \/>\n<link rel=\"canonical\" href=\"https:\/\/www.fundaciomascort.com\/en\/selected_works\/santa-caterina-dalexandria-i-sant-vicenc-martir\/\" \/>\n<meta property=\"og:locale\" content=\"en_US\" \/>\n<meta property=\"og:type\" content=\"article\" \/>\n<meta property=\"og:title\" content=\"Santa Caterina d&#039;Alexandria i Sant Vicen\u00e7 M\u00e0rtir - Fundaci\u00f3 Mascort\" \/>\n<meta property=\"og:url\" content=\"https:\/\/www.fundaciomascort.com\/en\/selected_works\/santa-caterina-dalexandria-i-sant-vicenc-martir\/\" \/>\n<meta property=\"og:site_name\" content=\"Fundaci\u00f3 Mascort\" \/>\n<meta property=\"article:publisher\" content=\"https:\/\/www.facebook.com\/fundaciomascort\" \/>\n<meta name=\"twitter:card\" content=\"summary_large_image\" \/>\n<meta name=\"twitter:site\" content=\"@fundaciomascort\" \/>\n<script type=\"application\/ld+json\" class=\"yoast-schema-graph\">{\"@context\":\"https:\/\/schema.org\",\"@graph\":[{\"@type\":\"WebPage\",\"@id\":\"https:\/\/www.fundaciomascort.com\/en\/selected_works\/santa-caterina-dalexandria-i-sant-vicenc-martir\/\",\"url\":\"https:\/\/www.fundaciomascort.com\/en\/selected_works\/santa-caterina-dalexandria-i-sant-vicenc-martir\/\",\"name\":\"Santa Caterina d'Alexandria i Sant Vicen\u00e7 M\u00e0rtir - Fundaci\u00f3 Mascort\",\"isPartOf\":{\"@id\":\"https:\/\/www.fundaciomascort.com\/en\/#website\"},\"datePublished\":\"2020-10-31T11:19:55+00:00\",\"breadcrumb\":{\"@id\":\"https:\/\/www.fundaciomascort.com\/en\/selected_works\/santa-caterina-dalexandria-i-sant-vicenc-martir\/#breadcrumb\"},\"inLanguage\":\"en-US\",\"potentialAction\":[{\"@type\":\"ReadAction\",\"target\":[\"https:\/\/www.fundaciomascort.com\/en\/selected_works\/santa-caterina-dalexandria-i-sant-vicenc-martir\/\"]}]},{\"@type\":\"BreadcrumbList\",\"@id\":\"https:\/\/www.fundaciomascort.com\/en\/selected_works\/santa-caterina-dalexandria-i-sant-vicenc-martir\/#breadcrumb\",\"itemListElement\":[{\"@type\":\"ListItem\",\"position\":1,\"name\":\"Home\",\"item\":\"https:\/\/www.fundaciomascort.com\/en\/\"},{\"@type\":\"ListItem\",\"position\":2,\"name\":\"Selected Works\",\"item\":\"https:\/\/www.fundaciomascort.com\/en\/selected_works\/\"},{\"@type\":\"ListItem\",\"position\":3,\"name\":\"Santa Caterina d&#8217;Alexandria i Sant Vicen\u00e7 M\u00e0rtir\"}]},{\"@type\":\"WebSite\",\"@id\":\"https:\/\/www.fundaciomascort.com\/en\/#website\",\"url\":\"https:\/\/www.fundaciomascort.com\/en\/\",\"name\":\"Fundaci\u00f3 Mascort\",\"description\":\"Esperem que compartiu amb nosaltres les exposicions de la Casa Galibern i les nostres publicacions.\",\"potentialAction\":[{\"@type\":\"SearchAction\",\"target\":{\"@type\":\"EntryPoint\",\"urlTemplate\":\"https:\/\/www.fundaciomascort.com\/en\/?s={search_term_string}\"},\"query-input\":{\"@type\":\"PropertyValueSpecification\",\"valueRequired\":true,\"valueName\":\"search_term_string\"}}],\"inLanguage\":\"en-US\"}]}<\/script>\n<!-- \/ Yoast SEO plugin. -->","yoast_head_json":{"title":"Santa Caterina d'Alexandria i Sant Vicen\u00e7 M\u00e0rtir - Fundaci\u00f3 Mascort","robots":{"index":"index","follow":"follow","max-snippet":"max-snippet:-1","max-image-preview":"max-image-preview:large","max-video-preview":"max-video-preview:-1"},"canonical":"https:\/\/www.fundaciomascort.com\/en\/selected_works\/santa-caterina-dalexandria-i-sant-vicenc-martir\/","og_locale":"en_US","og_type":"article","og_title":"Santa Caterina d'Alexandria i Sant Vicen\u00e7 M\u00e0rtir - Fundaci\u00f3 Mascort","og_url":"https:\/\/www.fundaciomascort.com\/en\/selected_works\/santa-caterina-dalexandria-i-sant-vicenc-martir\/","og_site_name":"Fundaci\u00f3 Mascort","article_publisher":"https:\/\/www.facebook.com\/fundaciomascort","twitter_card":"summary_large_image","twitter_site":"@fundaciomascort","schema":{"@context":"https:\/\/schema.org","@graph":[{"@type":"WebPage","@id":"https:\/\/www.fundaciomascort.com\/en\/selected_works\/santa-caterina-dalexandria-i-sant-vicenc-martir\/","url":"https:\/\/www.fundaciomascort.com\/en\/selected_works\/santa-caterina-dalexandria-i-sant-vicenc-martir\/","name":"Santa Caterina d'Alexandria i Sant Vicen\u00e7 M\u00e0rtir - Fundaci\u00f3 Mascort","isPartOf":{"@id":"https:\/\/www.fundaciomascort.com\/en\/#website"},"datePublished":"2020-10-31T11:19:55+00:00","breadcrumb":{"@id":"https:\/\/www.fundaciomascort.com\/en\/selected_works\/santa-caterina-dalexandria-i-sant-vicenc-martir\/#breadcrumb"},"inLanguage":"en-US","potentialAction":[{"@type":"ReadAction","target":["https:\/\/www.fundaciomascort.com\/en\/selected_works\/santa-caterina-dalexandria-i-sant-vicenc-martir\/"]}]},{"@type":"BreadcrumbList","@id":"https:\/\/www.fundaciomascort.com\/en\/selected_works\/santa-caterina-dalexandria-i-sant-vicenc-martir\/#breadcrumb","itemListElement":[{"@type":"ListItem","position":1,"name":"Home","item":"https:\/\/www.fundaciomascort.com\/en\/"},{"@type":"ListItem","position":2,"name":"Selected Works","item":"https:\/\/www.fundaciomascort.com\/en\/selected_works\/"},{"@type":"ListItem","position":3,"name":"Santa Caterina d&#8217;Alexandria i Sant Vicen\u00e7 M\u00e0rtir"}]},{"@type":"WebSite","@id":"https:\/\/www.fundaciomascort.com\/en\/#website","url":"https:\/\/www.fundaciomascort.com\/en\/","name":"Fundaci\u00f3 Mascort","description":"Esperem que compartiu amb nosaltres les exposicions de la Casa Galibern i les nostres publicacions.","potentialAction":[{"@type":"SearchAction","target":{"@type":"EntryPoint","urlTemplate":"https:\/\/www.fundaciomascort.com\/en\/?s={search_term_string}"},"query-input":{"@type":"PropertyValueSpecification","valueRequired":true,"valueName":"search_term_string"}}],"inLanguage":"en-US"}]}},"_links":{"self":[{"href":"https:\/\/www.fundaciomascort.com\/en\/wp-json\/wp\/v2\/selected_works\/13223"}],"collection":[{"href":"https:\/\/www.fundaciomascort.com\/en\/wp-json\/wp\/v2\/selected_works"}],"about":[{"href":"https:\/\/www.fundaciomascort.com\/en\/wp-json\/wp\/v2\/types\/selected_works"}],"wp:attachment":[{"href":"https:\/\/www.fundaciomascort.com\/en\/wp-json\/wp\/v2\/media?parent=13223"}],"wp:term":[{"taxonomy":"type_of_work","embeddable":true,"href":"https:\/\/www.fundaciomascort.com\/en\/wp-json\/wp\/v2\/type_of_work?post=13223"}],"curies":[{"name":"wp","href":"https:\/\/api.w.org\/{rel}","templated":true}]}}

Santa Caterina d&#8217;Alexandria i Sant Vicenç Màrtir

<!-- This site is optimized with the Yoast SEO plugin v25.6 - https://yoast.com/wordpress/plugins/seo/ -->
<title>Santa Caterina d&#039;Alexandria i Sant Vicenç Màrtir - Fundació Mascort</title>
<meta name="robots" content="index, follow, max-snippet:-1, max-image-preview:large, max-video-preview:-1" />
<link rel="canonical" href="https://www.fundaciomascort.com/en/selected_works/santa-caterina-dalexandria-i-sant-vicenc-martir/" />
<meta property="og:locale" content="en_US" />
<meta property="og:type" content="article" />
<meta property="og:title" content="Santa Caterina d&#039;Alexandria i Sant Vicenç Màrtir - Fundació Mascort" />
<meta property="og:url" content="https://www.fundaciomascort.com/en/selected_works/santa-caterina-dalexandria-i-sant-vicenc-martir/" />
<meta property="og:site_name" content="Fundació Mascort" />
<meta property="article:publisher" content="https://www.facebook.com/fundaciomascort" />
<meta name="twitter:card" content="summary_large_image" />
<meta name="twitter:site" content="@fundaciomascort" />
<script type="application/ld+json" class="yoast-schema-graph">{"@context":"https://schema.org","@graph":[{"@type":"WebPage","@id":"https://www.fundaciomascort.com/en/selected_works/santa-caterina-dalexandria-i-sant-vicenc-martir/","url":"https://www.fundaciomascort.com/en/selected_works/santa-caterina-dalexandria-i-sant-vicenc-martir/","name":"Santa Caterina d'Alexandria i Sant Vicenç Màrtir - Fundació Mascort","isPartOf":{"@id":"https://www.fundaciomascort.com/en/#website"},"datePublished":"2020-10-31T11:19:55+00:00","breadcrumb":{"@id":"https://www.fundaciomascort.com/en/selected_works/santa-caterina-dalexandria-i-sant-vicenc-martir/#breadcrumb"},"inLanguage":"en-US","potentialAction":[{"@type":"ReadAction","target":["https://www.fundaciomascort.com/en/selected_works/santa-caterina-dalexandria-i-sant-vicenc-martir/"]}]},{"@type":"BreadcrumbList","@id":"https://www.fundaciomascort.com/en/selected_works/santa-caterina-dalexandria-i-sant-vicenc-martir/#breadcrumb","itemListElement":[{"@type":"ListItem","position":1,"name":"Home","item":"https://www.fundaciomascort.com/en/"},{"@type":"ListItem","position":2,"name":"Selected Works","item":"https://www.fundaciomascort.com/en/selected_works/"},{"@type":"ListItem","position":3,"name":"Santa Caterina d&#8217;Alexandria i Sant Vicenç Màrtir"}]},{"@type":"WebSite","@id":"https://www.fundaciomascort.com/en/#website","url":"https://www.fundaciomascort.com/en/","name":"Fundació Mascort","description":"Esperem que compartiu amb nosaltres les exposicions de la Casa Galibern i les nostres publicacions.","potentialAction":[{"@type":"SearchAction","target":{"@type":"EntryPoint","urlTemplate":"https://www.fundaciomascort.com/en/?s={search_term_string}"},"query-input":{"@type":"PropertyValueSpecification","valueRequired":true,"valueName":"search_term_string"}}],"inLanguage":"en-US"}]}</script>
<!-- / Yoast SEO plugin. -->

Santa Caterina d'Alexandria i Sant Vicenç Màrtir - Fundació Mascort

Fundació Mascort
