{"id":11485,"date":"2020-03-19T05:08:14","date_gmt":"2020-03-19T05:08:14","guid":{"rendered":"https:\/\/www.fundaciomascort.com\/publicacio\/a-redos-del-montgri-1850-1950\/"},"modified":"2020-04-25T14:38:44","modified_gmt":"2020-04-25T14:38:44","slug":"a-redos-del-montgri-1850-1950","status":"publish","type":"product","link":"https:\/\/www.fundaciomascort.com\/en\/publication\/a-redos-del-montgri-1850-1950\/","title":{"rendered":"A red\u00f3s del Montgr\u00ed 1850-1950"},"content":{"rendered":"<p><strong>A red\u00f3s del Montgr\u00ed<\/strong> is a tribute to those past generations who lived and worked in the geographical environment of Montgr\u00ed massif from 1850 until 1950. The author, Narc\u00eds Arbus\u00e9 Bellapart, was born and worked as a teacher in Torroella de Montgr\u00ed most of his career. He invites us to discover life in villages of this area as well as in the plain and mountain back in those times, quoting excerpts from local historical documents. For instance, we will learn about the economics of its inhabitants, popular anecdotes and stories, agriculture and the cultivation of rice, the industry of <em>ramie<\/em> (<em>Boehmeria nivea<\/em>), artisan shelter structures in the countryside, unique geographical elements that shape this landscape, so closely related to the Mediterranean Sea. In addition, the book contains 24 full colour central pages with photographs of the most surprising and emblematic sites.<\/p>\n","protected":false},"excerpt":{"rendered":"<p>A red\u00f3s del Montgr\u00ed is a tribute to those past generations who lived and worked in the geographical environment of Montgr\u00ed massif from 1850 until 1950. The author, Narc\u00eds Arbus\u00e9 Bellapart, was born and worked as a teacher in Torroella de Montgr\u00ed most of his career. He invites us to discover life in villages of [&hellip;]<\/p>\n","protected":false},"featured_media":9596,"template":"","meta":{"_acf_changed":false},"product_brand":[],"product_cat":[42],"product_tag":[],"class_list":{"0":"post-11485","1":"product","2":"type-product","3":"status-publish","4":"has-post-thumbnail","6":"product_cat-sense-categoria-en","8":"first","9":"instock","10":"taxable","11":"shipping-taxable","12":"purchasable","13":"product-type-simple"},"acf":[],"yoast_head":"<!-- This site is optimized with the Yoast SEO plugin v25.6 - https:\/\/yoast.com\/wordpress\/plugins\/seo\/ -->\n<title>A red\u00f3s del Montgr\u00ed 1850-1950 - Fundaci\u00f3 Mascort<\/title>\n<meta name=\"robots\" content=\"index, follow, max-snippet:-1, max-image-preview:large, max-video-preview:-1\" \/>\n<link rel=\"canonical\" href=\"https:\/\/www.fundaciomascort.com\/en\/publication\/a-redos-del-montgri-1850-1950\/\" \/>\n<meta property=\"og:locale\" content=\"en_US\" \/>\n<meta property=\"og:type\" content=\"article\" \/>\n<meta property=\"og:title\" content=\"A red\u00f3s del Montgr\u00ed 1850-1950 - Fundaci\u00f3 Mascort\" \/>\n<meta property=\"og:description\" content=\"A red\u00f3s del Montgr\u00ed is a tribute to those past generations who lived and worked in the geographical environment of Montgr\u00ed massif from 1850 until 1950. The author, Narc\u00eds Arbus\u00e9 Bellapart, was born and worked as a teacher in Torroella de Montgr\u00ed most of his career. He invites us to discover life in villages of [&hellip;]\" \/>\n<meta property=\"og:url\" content=\"https:\/\/www.fundaciomascort.com\/en\/publication\/a-redos-del-montgri-1850-1950\/\" \/>\n<meta property=\"og:site_name\" content=\"Fundaci\u00f3 Mascort\" \/>\n<meta property=\"article:publisher\" content=\"https:\/\/www.facebook.com\/fundaciomascort\" \/>\n<meta property=\"article:modified_time\" content=\"2020-04-25T14:38:44+00:00\" \/>\n<meta property=\"og:image\" content=\"https:\/\/www.fundaciomascort.com\/wp-content\/uploads\/2020\/03\/Coberta-Redos-Montgri.jpg\" \/>\n\t<meta property=\"og:image:width\" content=\"595\" \/>\n\t<meta property=\"og:image:height\" content=\"709\" \/>\n\t<meta property=\"og:image:type\" content=\"image\/jpeg\" \/>\n<meta name=\"twitter:card\" content=\"summary_large_image\" \/>\n<meta name=\"twitter:site\" content=\"@fundaciomascort\" \/>\n<meta name=\"twitter:label1\" content=\"Est. reading time\" \/>\n\t<meta name=\"twitter:data1\" content=\"1 minute\" \/>\n<script type=\"application\/ld+json\" class=\"yoast-schema-graph\">{\"@context\":\"https:\/\/schema.org\",\"@graph\":[{\"@type\":\"WebPage\",\"@id\":\"https:\/\/www.fundaciomascort.com\/en\/publication\/a-redos-del-montgri-1850-1950\/\",\"url\":\"https:\/\/www.fundaciomascort.com\/en\/publication\/a-redos-del-montgri-1850-1950\/\",\"name\":\"A red\u00f3s del Montgr\u00ed 1850-1950 - Fundaci\u00f3 Mascort\",\"isPartOf\":{\"@id\":\"https:\/\/www.fundaciomascort.com\/en\/#website\"},\"primaryImageOfPage\":{\"@id\":\"https:\/\/www.fundaciomascort.com\/en\/publication\/a-redos-del-montgri-1850-1950\/#primaryimage\"},\"image\":{\"@id\":\"https:\/\/www.fundaciomascort.com\/en\/publication\/a-redos-del-montgri-1850-1950\/#primaryimage\"},\"thumbnailUrl\":\"https:\/\/www.fundaciomascort.com\/wp-content\/uploads\/2020\/03\/Coberta-Redos-Montgri.jpg\",\"datePublished\":\"2020-03-19T05:08:14+00:00\",\"dateModified\":\"2020-04-25T14:38:44+00:00\",\"breadcrumb\":{\"@id\":\"https:\/\/www.fundaciomascort.com\/en\/publication\/a-redos-del-montgri-1850-1950\/#breadcrumb\"},\"inLanguage\":\"en-US\",\"potentialAction\":[{\"@type\":\"ReadAction\",\"target\":[\"https:\/\/www.fundaciomascort.com\/en\/publication\/a-redos-del-montgri-1850-1950\/\"]}]},{\"@type\":\"ImageObject\",\"inLanguage\":\"en-US\",\"@id\":\"https:\/\/www.fundaciomascort.com\/en\/publication\/a-redos-del-montgri-1850-1950\/#primaryimage\",\"url\":\"https:\/\/www.fundaciomascort.com\/wp-content\/uploads\/2020\/03\/Coberta-Redos-Montgri.jpg\",\"contentUrl\":\"https:\/\/www.fundaciomascort.com\/wp-content\/uploads\/2020\/03\/Coberta-Redos-Montgri.jpg\",\"width\":595,\"height\":709},{\"@type\":\"BreadcrumbList\",\"@id\":\"https:\/\/www.fundaciomascort.com\/en\/publication\/a-redos-del-montgri-1850-1950\/#breadcrumb\",\"itemListElement\":[{\"@type\":\"ListItem\",\"position\":1,\"name\":\"Home\",\"item\":\"https:\/\/www.fundaciomascort.com\/en\/\"},{\"@type\":\"ListItem\",\"position\":2,\"name\":\"Publications\",\"item\":\"https:\/\/www.fundaciomascort.com\/en\/publicacions\/\"},{\"@type\":\"ListItem\",\"position\":3,\"name\":\"A red\u00f3s del Montgr\u00ed 1850-1950\"}]},{\"@type\":\"WebSite\",\"@id\":\"https:\/\/www.fundaciomascort.com\/en\/#website\",\"url\":\"https:\/\/www.fundaciomascort.com\/en\/\",\"name\":\"Fundaci\u00f3 Mascort\",\"description\":\"Esperem que compartiu amb nosaltres les exposicions de la Casa Galibern i les nostres publicacions.\",\"potentialAction\":[{\"@type\":\"SearchAction\",\"target\":{\"@type\":\"EntryPoint\",\"urlTemplate\":\"https:\/\/www.fundaciomascort.com\/en\/?s={search_term_string}\"},\"query-input\":{\"@type\":\"PropertyValueSpecification\",\"valueRequired\":true,\"valueName\":\"search_term_string\"}}],\"inLanguage\":\"en-US\"}]}<\/script>\n<!-- \/ Yoast SEO plugin. -->","yoast_head_json":{"title":"A red\u00f3s del Montgr\u00ed 1850-1950 - Fundaci\u00f3 Mascort","robots":{"index":"index","follow":"follow","max-snippet":"max-snippet:-1","max-image-preview":"max-image-preview:large","max-video-preview":"max-video-preview:-1"},"canonical":"https:\/\/www.fundaciomascort.com\/en\/publication\/a-redos-del-montgri-1850-1950\/","og_locale":"en_US","og_type":"article","og_title":"A red\u00f3s del Montgr\u00ed 1850-1950 - Fundaci\u00f3 Mascort","og_description":"A red\u00f3s del Montgr\u00ed is a tribute to those past generations who lived and worked in the geographical environment of Montgr\u00ed massif from 1850 until 1950. The author, Narc\u00eds Arbus\u00e9 Bellapart, was born and worked as a teacher in Torroella de Montgr\u00ed most of his career. He invites us to discover life in villages of [&hellip;]","og_url":"https:\/\/www.fundaciomascort.com\/en\/publication\/a-redos-del-montgri-1850-1950\/","og_site_name":"Fundaci\u00f3 Mascort","article_publisher":"https:\/\/www.facebook.com\/fundaciomascort","article_modified_time":"2020-04-25T14:38:44+00:00","og_image":[{"width":595,"height":709,"url":"https:\/\/www.fundaciomascort.com\/wp-content\/uploads\/2020\/03\/Coberta-Redos-Montgri.jpg","type":"image\/jpeg"}],"twitter_card":"summary_large_image","twitter_site":"@fundaciomascort","twitter_misc":{"Est. reading time":"1 minute"},"schema":{"@context":"https:\/\/schema.org","@graph":[{"@type":"WebPage","@id":"https:\/\/www.fundaciomascort.com\/en\/publication\/a-redos-del-montgri-1850-1950\/","url":"https:\/\/www.fundaciomascort.com\/en\/publication\/a-redos-del-montgri-1850-1950\/","name":"A red\u00f3s del Montgr\u00ed 1850-1950 - Fundaci\u00f3 Mascort","isPartOf":{"@id":"https:\/\/www.fundaciomascort.com\/en\/#website"},"primaryImageOfPage":{"@id":"https:\/\/www.fundaciomascort.com\/en\/publication\/a-redos-del-montgri-1850-1950\/#primaryimage"},"image":{"@id":"https:\/\/www.fundaciomascort.com\/en\/publication\/a-redos-del-montgri-1850-1950\/#primaryimage"},"thumbnailUrl":"https:\/\/www.fundaciomascort.com\/wp-content\/uploads\/2020\/03\/Coberta-Redos-Montgri.jpg","datePublished":"2020-03-19T05:08:14+00:00","dateModified":"2020-04-25T14:38:44+00:00","breadcrumb":{"@id":"https:\/\/www.fundaciomascort.com\/en\/publication\/a-redos-del-montgri-1850-1950\/#breadcrumb"},"inLanguage":"en-US","potentialAction":[{"@type":"ReadAction","target":["https:\/\/www.fundaciomascort.com\/en\/publication\/a-redos-del-montgri-1850-1950\/"]}]},{"@type":"ImageObject","inLanguage":"en-US","@id":"https:\/\/www.fundaciomascort.com\/en\/publication\/a-redos-del-montgri-1850-1950\/#primaryimage","url":"https:\/\/www.fundaciomascort.com\/wp-content\/uploads\/2020\/03\/Coberta-Redos-Montgri.jpg","contentUrl":"https:\/\/www.fundaciomascort.com\/wp-content\/uploads\/2020\/03\/Coberta-Redos-Montgri.jpg","width":595,"height":709},{"@type":"BreadcrumbList","@id":"https:\/\/www.fundaciomascort.com\/en\/publication\/a-redos-del-montgri-1850-1950\/#breadcrumb","itemListElement":[{"@type":"ListItem","position":1,"name":"Home","item":"https:\/\/www.fundaciomascort.com\/en\/"},{"@type":"ListItem","position":2,"name":"Publications","item":"https:\/\/www.fundaciomascort.com\/en\/publicacions\/"},{"@type":"ListItem","position":3,"name":"A red\u00f3s del Montgr\u00ed 1850-1950"}]},{"@type":"WebSite","@id":"https:\/\/www.fundaciomascort.com\/en\/#website","url":"https:\/\/www.fundaciomascort.com\/en\/","name":"Fundaci\u00f3 Mascort","description":"Esperem que compartiu amb nosaltres les exposicions de la Casa Galibern i les nostres publicacions.","potentialAction":[{"@type":"SearchAction","target":{"@type":"EntryPoint","urlTemplate":"https:\/\/www.fundaciomascort.com\/en\/?s={search_term_string}"},"query-input":{"@type":"PropertyValueSpecification","valueRequired":true,"valueName":"search_term_string"}}],"inLanguage":"en-US"}]}},"_links":{"self":[{"href":"https:\/\/www.fundaciomascort.com\/en\/wp-json\/wp\/v2\/product\/11485"}],"collection":[{"href":"https:\/\/www.fundaciomascort.com\/en\/wp-json\/wp\/v2\/product"}],"about":[{"href":"https:\/\/www.fundaciomascort.com\/en\/wp-json\/wp\/v2\/types\/product"}],"wp:featuredmedia":[{"embeddable":true,"href":"https:\/\/www.fundaciomascort.com\/en\/wp-json\/wp\/v2\/media\/9596"}],"wp:attachment":[{"href":"https:\/\/www.fundaciomascort.com\/en\/wp-json\/wp\/v2\/media?parent=11485"}],"wp:term":[{"taxonomy":"product_brand","embeddable":true,"href":"https:\/\/www.fundaciomascort.com\/en\/wp-json\/wp\/v2\/product_brand?post=11485"},{"taxonomy":"product_cat","embeddable":true,"href":"https:\/\/www.fundaciomascort.com\/en\/wp-json\/wp\/v2\/product_cat?post=11485"},{"taxonomy":"product_tag","embeddable":true,"href":"https:\/\/www.fundaciomascort.com\/en\/wp-json\/wp\/v2\/product_tag?post=11485"}],"curies":[{"name":"wp","href":"https:\/\/api.w.org\/{rel}","templated":true}]}}

A redós del Montgrí 1850-1950

<p><strong>A redós del Montgrí</strong> is a tribute to those past generations who lived and worked in the geographical environment of Montgrí massif from 1850 until 1950. The author, Narcís Arbusé Bellapart, was born and worked as a teacher in Torroella de Montgrí most of his career. He invites us to discover life in villages of this area as well as in the plain and mountain back in those times, quoting excerpts from local historical documents. For instance, we will learn about the economics of its inhabitants, popular anecdotes and stories, agriculture and the cultivation of rice, the industry of <em>ramie</em> (<em>Boehmeria nivea</em>), artisan shelter structures in the countryside, unique geographical elements that shape this landscape, so closely related to the Mediterranean Sea. In addition, the book contains 24 full colour central pages with photographs of the most surprising and emblematic sites.</p>

<p>A redós del Montgrí is a tribute to those past generations who lived and worked in the geographical environment of Montgrí massif from 1850 until 1950. The author, Narcís Arbusé Bellapart, was born and worked as a teacher in Torroella de Montgrí most of his career. He invites us to discover life in villages of [&hellip;]</p>

<!-- This site is optimized with the Yoast SEO plugin v25.6 - https://yoast.com/wordpress/plugins/seo/ -->
<title>A redós del Montgrí 1850-1950 - Fundació Mascort</title>
<meta name="robots" content="index, follow, max-snippet:-1, max-image-preview:large, max-video-preview:-1" />
<link rel="canonical" href="https://www.fundaciomascort.com/en/publication/a-redos-del-montgri-1850-1950/" />
<meta property="og:locale" content="en_US" />
<meta property="og:type" content="article" />
<meta property="og:title" content="A redós del Montgrí 1850-1950 - Fundació Mascort" />
<meta property="og:description" content="A redós del Montgrí is a tribute to those past generations who lived and worked in the geographical environment of Montgrí massif from 1850 until 1950. The author, Narcís Arbusé Bellapart, was born and worked as a teacher in Torroella de Montgrí most of his career. He invites us to discover life in villages of [&hellip;]" />
<meta property="og:url" content="https://www.fundaciomascort.com/en/publication/a-redos-del-montgri-1850-1950/" />
<meta property="og:site_name" content="Fundació Mascort" />
<meta property="article:publisher" content="https://www.facebook.com/fundaciomascort" />
<meta property="article:modified_time" content="2020-04-25T14:38:44+00:00" />
<meta property="og:image" content="https://www.fundaciomascort.com/wp-content/uploads/2020/03/Coberta-Redos-Montgri.jpg" />
	<meta property="og:image:width" content="595" />
	<meta property="og:image:height" content="709" />
	<meta property="og:image:type" content="image/jpeg" />
<meta name="twitter:card" content="summary_large_image" />
<meta name="twitter:site" content="@fundaciomascort" />
<meta name="twitter:label1" content="Est. reading time" />
	<meta name="twitter:data1" content="1 minute" />
<script type="application/ld+json" class="yoast-schema-graph">{"@context":"https://schema.org","@graph":[{"@type":"WebPage","@id":"https://www.fundaciomascort.com/en/publication/a-redos-del-montgri-1850-1950/","url":"https://www.fundaciomascort.com/en/publication/a-redos-del-montgri-1850-1950/","name":"A redós del Montgrí 1850-1950 - Fundació Mascort","isPartOf":{"@id":"https://www.fundaciomascort.com/en/#website"},"primaryImageOfPage":{"@id":"https://www.fundaciomascort.com/en/publication/a-redos-del-montgri-1850-1950/#primaryimage"},"image":{"@id":"https://www.fundaciomascort.com/en/publication/a-redos-del-montgri-1850-1950/#primaryimage"},"thumbnailUrl":"https://www.fundaciomascort.com/wp-content/uploads/2020/03/Coberta-Redos-Montgri.jpg","datePublished":"2020-03-19T05:08:14+00:00","dateModified":"2020-04-25T14:38:44+00:00","breadcrumb":{"@id":"https://www.fundaciomascort.com/en/publication/a-redos-del-montgri-1850-1950/#breadcrumb"},"inLanguage":"en-US","potentialAction":[{"@type":"ReadAction","target":["https://www.fundaciomascort.com/en/publication/a-redos-del-montgri-1850-1950/"]}]},{"@type":"ImageObject","inLanguage":"en-US","@id":"https://www.fundaciomascort.com/en/publication/a-redos-del-montgri-1850-1950/#primaryimage","url":"https://www.fundaciomascort.com/wp-content/uploads/2020/03/Coberta-Redos-Montgri.jpg","contentUrl":"https://www.fundaciomascort.com/wp-content/uploads/2020/03/Coberta-Redos-Montgri.jpg","width":595,"height":709},{"@type":"BreadcrumbList","@id":"https://www.fundaciomascort.com/en/publication/a-redos-del-montgri-1850-1950/#breadcrumb","itemListElement":[{"@type":"ListItem","position":1,"name":"Home","item":"https://www.fundaciomascort.com/en/"},{"@type":"ListItem","position":2,"name":"Publications","item":"https://www.fundaciomascort.com/en/publicacions/"},{"@type":"ListItem","position":3,"name":"A redós del Montgrí 1850-1950"}]},{"@type":"WebSite","@id":"https://www.fundaciomascort.com/en/#website","url":"https://www.fundaciomascort.com/en/","name":"Fundació Mascort","description":"Esperem que compartiu amb nosaltres les exposicions de la Casa Galibern i les nostres publicacions.","potentialAction":[{"@type":"SearchAction","target":{"@type":"EntryPoint","urlTemplate":"https://www.fundaciomascort.com/en/?s={search_term_string}"},"query-input":{"@type":"PropertyValueSpecification","valueRequired":true,"valueName":"search_term_string"}}],"inLanguage":"en-US"}]}</script>
<!-- / Yoast SEO plugin. -->

A redós del Montgrí 1850-1950 - Fundació Mascort

A redós del Montgrí is a tribute to those past generations who lived and worked in the geographical environment of Montgrí massif from 1850 until 1950. The author, Narcís Arbusé Bellapart, was born and worked as a teacher in Torroella de Montgrí most of his career. He invites us to discover life in villages of [&hellip;]

Fundació Mascort
