{"id":11455,"date":"2020-03-18T17:03:17","date_gmt":"2020-03-18T17:03:17","guid":{"rendered":"https:\/\/www.fundaciomascort.com\/publicacio\/de-la-exquisitez-a-lo-cotidiano\/"},"modified":"2024-04-29T00:01:01","modified_gmt":"2024-04-29T00:01:01","slug":"de-la-exquisitez-a-lo-cotidiano","status":"publish","type":"product","link":"https:\/\/www.fundaciomascort.com\/en\/publication\/de-la-exquisitez-a-lo-cotidiano\/","title":{"rendered":"De la exquisitez a lo cotidiano"},"content":{"rendered":"<p>The exquisite and the everyday are complementary concepts. Through the pens of professional experts, the exquisiteness of works selected from the Mascort collection converses with a group of sixty pieces that have been studied by the Associaci\u00f3 per a l\u2019Estudi del Moble (Association for Furniture Studies) over its first ten years of existence. Works which are both exquisite and everyday.<\/p>\n<p>Under the direction, \u00c0ngels Creus, experts in different fields such as Ferran Adri\u00e0, Mar\u00eda Paz Aguil\u00f3 or Casto Castellanos imagine a connection, for instance, between a casket made of rock crystal, gilded silver and enamel and a number of Japanese, Italian and French lacquered boxes that have been studied by the Association.<\/p>\n<p>This is a book with sixty pieces studied, catalogued and documented, the outcome of the Association\u2019s commitment to studying, highlighting and safeguarding the furniture heritage and creating links of understanding between the many professionals in the sector. This collaboration between the Mascort Foundation and the Association is a fine example of the harmony and respect between two entities with common goals.<\/p>\n","protected":false},"excerpt":{"rendered":"<p>The exquisite and the everyday are complementary concepts. Through the pens of professional experts, the exquisiteness of works selected from the Mascort collection converses with a group of sixty pieces that have been studied by the Associaci\u00f3 per a l\u2019Estudi del Moble (Association for Furniture Studies) over its first ten years of existence. Works which [&hellip;]<\/p>\n","protected":false},"featured_media":9569,"template":"","meta":{"_acf_changed":false},"product_brand":[],"product_cat":[42],"product_tag":[],"class_list":{"0":"post-11455","1":"product","2":"type-product","3":"status-publish","4":"has-post-thumbnail","6":"product_cat-sense-categoria-en","8":"first","9":"instock","10":"sale","11":"taxable","12":"shipping-taxable","13":"purchasable","14":"product-type-simple"},"acf":[],"yoast_head":"<!-- This site is optimized with the Yoast SEO plugin v25.6 - https:\/\/yoast.com\/wordpress\/plugins\/seo\/ -->\n<title>De la exquisitez a lo cotidiano - Fundaci\u00f3 Mascort<\/title>\n<meta name=\"robots\" content=\"index, follow, max-snippet:-1, max-image-preview:large, max-video-preview:-1\" \/>\n<link rel=\"canonical\" href=\"https:\/\/www.fundaciomascort.com\/en\/publication\/de-la-exquisitez-a-lo-cotidiano\/\" \/>\n<meta property=\"og:locale\" content=\"en_US\" \/>\n<meta property=\"og:type\" content=\"article\" \/>\n<meta property=\"og:title\" content=\"De la exquisitez a lo cotidiano - Fundaci\u00f3 Mascort\" \/>\n<meta property=\"og:description\" content=\"The exquisite and the everyday are complementary concepts. Through the pens of professional experts, the exquisiteness of works selected from the Mascort collection converses with a group of sixty pieces that have been studied by the Associaci\u00f3 per a l\u2019Estudi del Moble (Association for Furniture Studies) over its first ten years of existence. Works which [&hellip;]\" \/>\n<meta property=\"og:url\" content=\"https:\/\/www.fundaciomascort.com\/en\/publication\/de-la-exquisitez-a-lo-cotidiano\/\" \/>\n<meta property=\"og:site_name\" content=\"Fundaci\u00f3 Mascort\" \/>\n<meta property=\"article:publisher\" content=\"https:\/\/www.facebook.com\/fundaciomascort\" \/>\n<meta property=\"article:modified_time\" content=\"2024-04-29T00:01:01+00:00\" \/>\n<meta property=\"og:image\" content=\"https:\/\/www.fundaciomascort.com\/wp-content\/uploads\/2020\/03\/Coberta-exquisitez-cotidiano.jpg\" \/>\n\t<meta property=\"og:image:width\" content=\"595\" \/>\n\t<meta property=\"og:image:height\" content=\"709\" \/>\n\t<meta property=\"og:image:type\" content=\"image\/jpeg\" \/>\n<meta name=\"twitter:card\" content=\"summary_large_image\" \/>\n<meta name=\"twitter:site\" content=\"@fundaciomascort\" \/>\n<meta name=\"twitter:label1\" content=\"Est. reading time\" \/>\n\t<meta name=\"twitter:data1\" content=\"1 minute\" \/>\n<script type=\"application\/ld+json\" class=\"yoast-schema-graph\">{\"@context\":\"https:\/\/schema.org\",\"@graph\":[{\"@type\":\"WebPage\",\"@id\":\"https:\/\/www.fundaciomascort.com\/en\/publication\/de-la-exquisitez-a-lo-cotidiano\/\",\"url\":\"https:\/\/www.fundaciomascort.com\/en\/publication\/de-la-exquisitez-a-lo-cotidiano\/\",\"name\":\"De la exquisitez a lo cotidiano - Fundaci\u00f3 Mascort\",\"isPartOf\":{\"@id\":\"https:\/\/www.fundaciomascort.com\/en\/#website\"},\"primaryImageOfPage\":{\"@id\":\"https:\/\/www.fundaciomascort.com\/en\/publication\/de-la-exquisitez-a-lo-cotidiano\/#primaryimage\"},\"image\":{\"@id\":\"https:\/\/www.fundaciomascort.com\/en\/publication\/de-la-exquisitez-a-lo-cotidiano\/#primaryimage\"},\"thumbnailUrl\":\"https:\/\/www.fundaciomascort.com\/wp-content\/uploads\/2020\/03\/Coberta-exquisitez-cotidiano.jpg\",\"datePublished\":\"2020-03-18T17:03:17+00:00\",\"dateModified\":\"2024-04-29T00:01:01+00:00\",\"breadcrumb\":{\"@id\":\"https:\/\/www.fundaciomascort.com\/en\/publication\/de-la-exquisitez-a-lo-cotidiano\/#breadcrumb\"},\"inLanguage\":\"en-US\",\"potentialAction\":[{\"@type\":\"ReadAction\",\"target\":[\"https:\/\/www.fundaciomascort.com\/en\/publication\/de-la-exquisitez-a-lo-cotidiano\/\"]}]},{\"@type\":\"ImageObject\",\"inLanguage\":\"en-US\",\"@id\":\"https:\/\/www.fundaciomascort.com\/en\/publication\/de-la-exquisitez-a-lo-cotidiano\/#primaryimage\",\"url\":\"https:\/\/www.fundaciomascort.com\/wp-content\/uploads\/2020\/03\/Coberta-exquisitez-cotidiano.jpg\",\"contentUrl\":\"https:\/\/www.fundaciomascort.com\/wp-content\/uploads\/2020\/03\/Coberta-exquisitez-cotidiano.jpg\",\"width\":595,\"height\":709},{\"@type\":\"BreadcrumbList\",\"@id\":\"https:\/\/www.fundaciomascort.com\/en\/publication\/de-la-exquisitez-a-lo-cotidiano\/#breadcrumb\",\"itemListElement\":[{\"@type\":\"ListItem\",\"position\":1,\"name\":\"Home\",\"item\":\"https:\/\/www.fundaciomascort.com\/en\/\"},{\"@type\":\"ListItem\",\"position\":2,\"name\":\"Publications\",\"item\":\"https:\/\/www.fundaciomascort.com\/en\/publicacions\/\"},{\"@type\":\"ListItem\",\"position\":3,\"name\":\"De la exquisitez a lo cotidiano\"}]},{\"@type\":\"WebSite\",\"@id\":\"https:\/\/www.fundaciomascort.com\/en\/#website\",\"url\":\"https:\/\/www.fundaciomascort.com\/en\/\",\"name\":\"Fundaci\u00f3 Mascort\",\"description\":\"Esperem que compartiu amb nosaltres les exposicions de la Casa Galibern i les nostres publicacions.\",\"potentialAction\":[{\"@type\":\"SearchAction\",\"target\":{\"@type\":\"EntryPoint\",\"urlTemplate\":\"https:\/\/www.fundaciomascort.com\/en\/?s={search_term_string}\"},\"query-input\":{\"@type\":\"PropertyValueSpecification\",\"valueRequired\":true,\"valueName\":\"search_term_string\"}}],\"inLanguage\":\"en-US\"}]}<\/script>\n<!-- \/ Yoast SEO plugin. -->","yoast_head_json":{"title":"De la exquisitez a lo cotidiano - Fundaci\u00f3 Mascort","robots":{"index":"index","follow":"follow","max-snippet":"max-snippet:-1","max-image-preview":"max-image-preview:large","max-video-preview":"max-video-preview:-1"},"canonical":"https:\/\/www.fundaciomascort.com\/en\/publication\/de-la-exquisitez-a-lo-cotidiano\/","og_locale":"en_US","og_type":"article","og_title":"De la exquisitez a lo cotidiano - Fundaci\u00f3 Mascort","og_description":"The exquisite and the everyday are complementary concepts. Through the pens of professional experts, the exquisiteness of works selected from the Mascort collection converses with a group of sixty pieces that have been studied by the Associaci\u00f3 per a l\u2019Estudi del Moble (Association for Furniture Studies) over its first ten years of existence. Works which [&hellip;]","og_url":"https:\/\/www.fundaciomascort.com\/en\/publication\/de-la-exquisitez-a-lo-cotidiano\/","og_site_name":"Fundaci\u00f3 Mascort","article_publisher":"https:\/\/www.facebook.com\/fundaciomascort","article_modified_time":"2024-04-29T00:01:01+00:00","og_image":[{"width":595,"height":709,"url":"https:\/\/www.fundaciomascort.com\/wp-content\/uploads\/2020\/03\/Coberta-exquisitez-cotidiano.jpg","type":"image\/jpeg"}],"twitter_card":"summary_large_image","twitter_site":"@fundaciomascort","twitter_misc":{"Est. reading time":"1 minute"},"schema":{"@context":"https:\/\/schema.org","@graph":[{"@type":"WebPage","@id":"https:\/\/www.fundaciomascort.com\/en\/publication\/de-la-exquisitez-a-lo-cotidiano\/","url":"https:\/\/www.fundaciomascort.com\/en\/publication\/de-la-exquisitez-a-lo-cotidiano\/","name":"De la exquisitez a lo cotidiano - Fundaci\u00f3 Mascort","isPartOf":{"@id":"https:\/\/www.fundaciomascort.com\/en\/#website"},"primaryImageOfPage":{"@id":"https:\/\/www.fundaciomascort.com\/en\/publication\/de-la-exquisitez-a-lo-cotidiano\/#primaryimage"},"image":{"@id":"https:\/\/www.fundaciomascort.com\/en\/publication\/de-la-exquisitez-a-lo-cotidiano\/#primaryimage"},"thumbnailUrl":"https:\/\/www.fundaciomascort.com\/wp-content\/uploads\/2020\/03\/Coberta-exquisitez-cotidiano.jpg","datePublished":"2020-03-18T17:03:17+00:00","dateModified":"2024-04-29T00:01:01+00:00","breadcrumb":{"@id":"https:\/\/www.fundaciomascort.com\/en\/publication\/de-la-exquisitez-a-lo-cotidiano\/#breadcrumb"},"inLanguage":"en-US","potentialAction":[{"@type":"ReadAction","target":["https:\/\/www.fundaciomascort.com\/en\/publication\/de-la-exquisitez-a-lo-cotidiano\/"]}]},{"@type":"ImageObject","inLanguage":"en-US","@id":"https:\/\/www.fundaciomascort.com\/en\/publication\/de-la-exquisitez-a-lo-cotidiano\/#primaryimage","url":"https:\/\/www.fundaciomascort.com\/wp-content\/uploads\/2020\/03\/Coberta-exquisitez-cotidiano.jpg","contentUrl":"https:\/\/www.fundaciomascort.com\/wp-content\/uploads\/2020\/03\/Coberta-exquisitez-cotidiano.jpg","width":595,"height":709},{"@type":"BreadcrumbList","@id":"https:\/\/www.fundaciomascort.com\/en\/publication\/de-la-exquisitez-a-lo-cotidiano\/#breadcrumb","itemListElement":[{"@type":"ListItem","position":1,"name":"Home","item":"https:\/\/www.fundaciomascort.com\/en\/"},{"@type":"ListItem","position":2,"name":"Publications","item":"https:\/\/www.fundaciomascort.com\/en\/publicacions\/"},{"@type":"ListItem","position":3,"name":"De la exquisitez a lo cotidiano"}]},{"@type":"WebSite","@id":"https:\/\/www.fundaciomascort.com\/en\/#website","url":"https:\/\/www.fundaciomascort.com\/en\/","name":"Fundaci\u00f3 Mascort","description":"Esperem que compartiu amb nosaltres les exposicions de la Casa Galibern i les nostres publicacions.","potentialAction":[{"@type":"SearchAction","target":{"@type":"EntryPoint","urlTemplate":"https:\/\/www.fundaciomascort.com\/en\/?s={search_term_string}"},"query-input":{"@type":"PropertyValueSpecification","valueRequired":true,"valueName":"search_term_string"}}],"inLanguage":"en-US"}]}},"_links":{"self":[{"href":"https:\/\/www.fundaciomascort.com\/en\/wp-json\/wp\/v2\/product\/11455"}],"collection":[{"href":"https:\/\/www.fundaciomascort.com\/en\/wp-json\/wp\/v2\/product"}],"about":[{"href":"https:\/\/www.fundaciomascort.com\/en\/wp-json\/wp\/v2\/types\/product"}],"wp:featuredmedia":[{"embeddable":true,"href":"https:\/\/www.fundaciomascort.com\/en\/wp-json\/wp\/v2\/media\/9569"}],"wp:attachment":[{"href":"https:\/\/www.fundaciomascort.com\/en\/wp-json\/wp\/v2\/media?parent=11455"}],"wp:term":[{"taxonomy":"product_brand","embeddable":true,"href":"https:\/\/www.fundaciomascort.com\/en\/wp-json\/wp\/v2\/product_brand?post=11455"},{"taxonomy":"product_cat","embeddable":true,"href":"https:\/\/www.fundaciomascort.com\/en\/wp-json\/wp\/v2\/product_cat?post=11455"},{"taxonomy":"product_tag","embeddable":true,"href":"https:\/\/www.fundaciomascort.com\/en\/wp-json\/wp\/v2\/product_tag?post=11455"}],"curies":[{"name":"wp","href":"https:\/\/api.w.org\/{rel}","templated":true}]}}

<p>The exquisite and the everyday are complementary concepts. Through the pens of professional experts, the exquisiteness of works selected from the Mascort collection converses with a group of sixty pieces that have been studied by the Associació per a l’Estudi del Moble (Association for Furniture Studies) over its first ten years of existence. Works which are both exquisite and everyday.</p>
<p>Under the direction, Àngels Creus, experts in different fields such as Ferran Adrià, María Paz Aguiló or Casto Castellanos imagine a connection, for instance, between a casket made of rock crystal, gilded silver and enamel and a number of Japanese, Italian and French lacquered boxes that have been studied by the Association.</p>
<p>This is a book with sixty pieces studied, catalogued and documented, the outcome of the Association’s commitment to studying, highlighting and safeguarding the furniture heritage and creating links of understanding between the many professionals in the sector. This collaboration between the Mascort Foundation and the Association is a fine example of the harmony and respect between two entities with common goals.</p>

<p>The exquisite and the everyday are complementary concepts. Through the pens of professional experts, the exquisiteness of works selected from the Mascort collection converses with a group of sixty pieces that have been studied by the Associació per a l’Estudi del Moble (Association for Furniture Studies) over its first ten years of existence. Works which [&hellip;]</p>

<!-- This site is optimized with the Yoast SEO plugin v25.6 - https://yoast.com/wordpress/plugins/seo/ -->
<title>De la exquisitez a lo cotidiano - Fundació Mascort</title>
<meta name="robots" content="index, follow, max-snippet:-1, max-image-preview:large, max-video-preview:-1" />
<link rel="canonical" href="https://www.fundaciomascort.com/en/publication/de-la-exquisitez-a-lo-cotidiano/" />
<meta property="og:locale" content="en_US" />
<meta property="og:type" content="article" />
<meta property="og:title" content="De la exquisitez a lo cotidiano - Fundació Mascort" />
<meta property="og:description" content="The exquisite and the everyday are complementary concepts. Through the pens of professional experts, the exquisiteness of works selected from the Mascort collection converses with a group of sixty pieces that have been studied by the Associació per a l’Estudi del Moble (Association for Furniture Studies) over its first ten years of existence. Works which [&hellip;]" />
<meta property="og:url" content="https://www.fundaciomascort.com/en/publication/de-la-exquisitez-a-lo-cotidiano/" />
<meta property="og:site_name" content="Fundació Mascort" />
<meta property="article:publisher" content="https://www.facebook.com/fundaciomascort" />
<meta property="article:modified_time" content="2024-04-29T00:01:01+00:00" />
<meta property="og:image" content="https://www.fundaciomascort.com/wp-content/uploads/2020/03/Coberta-exquisitez-cotidiano.jpg" />
	<meta property="og:image:width" content="595" />
	<meta property="og:image:height" content="709" />
	<meta property="og:image:type" content="image/jpeg" />
<meta name="twitter:card" content="summary_large_image" />
<meta name="twitter:site" content="@fundaciomascort" />
<meta name="twitter:label1" content="Est. reading time" />
	<meta name="twitter:data1" content="1 minute" />
<script type="application/ld+json" class="yoast-schema-graph">{"@context":"https://schema.org","@graph":[{"@type":"WebPage","@id":"https://www.fundaciomascort.com/en/publication/de-la-exquisitez-a-lo-cotidiano/","url":"https://www.fundaciomascort.com/en/publication/de-la-exquisitez-a-lo-cotidiano/","name":"De la exquisitez a lo cotidiano - Fundació Mascort","isPartOf":{"@id":"https://www.fundaciomascort.com/en/#website"},"primaryImageOfPage":{"@id":"https://www.fundaciomascort.com/en/publication/de-la-exquisitez-a-lo-cotidiano/#primaryimage"},"image":{"@id":"https://www.fundaciomascort.com/en/publication/de-la-exquisitez-a-lo-cotidiano/#primaryimage"},"thumbnailUrl":"https://www.fundaciomascort.com/wp-content/uploads/2020/03/Coberta-exquisitez-cotidiano.jpg","datePublished":"2020-03-18T17:03:17+00:00","dateModified":"2024-04-29T00:01:01+00:00","breadcrumb":{"@id":"https://www.fundaciomascort.com/en/publication/de-la-exquisitez-a-lo-cotidiano/#breadcrumb"},"inLanguage":"en-US","potentialAction":[{"@type":"ReadAction","target":["https://www.fundaciomascort.com/en/publication/de-la-exquisitez-a-lo-cotidiano/"]}]},{"@type":"ImageObject","inLanguage":"en-US","@id":"https://www.fundaciomascort.com/en/publication/de-la-exquisitez-a-lo-cotidiano/#primaryimage","url":"https://www.fundaciomascort.com/wp-content/uploads/2020/03/Coberta-exquisitez-cotidiano.jpg","contentUrl":"https://www.fundaciomascort.com/wp-content/uploads/2020/03/Coberta-exquisitez-cotidiano.jpg","width":595,"height":709},{"@type":"BreadcrumbList","@id":"https://www.fundaciomascort.com/en/publication/de-la-exquisitez-a-lo-cotidiano/#breadcrumb","itemListElement":[{"@type":"ListItem","position":1,"name":"Home","item":"https://www.fundaciomascort.com/en/"},{"@type":"ListItem","position":2,"name":"Publications","item":"https://www.fundaciomascort.com/en/publicacions/"},{"@type":"ListItem","position":3,"name":"De la exquisitez a lo cotidiano"}]},{"@type":"WebSite","@id":"https://www.fundaciomascort.com/en/#website","url":"https://www.fundaciomascort.com/en/","name":"Fundació Mascort","description":"Esperem que compartiu amb nosaltres les exposicions de la Casa Galibern i les nostres publicacions.","potentialAction":[{"@type":"SearchAction","target":{"@type":"EntryPoint","urlTemplate":"https://www.fundaciomascort.com/en/?s={search_term_string}"},"query-input":{"@type":"PropertyValueSpecification","valueRequired":true,"valueName":"search_term_string"}}],"inLanguage":"en-US"}]}</script>
<!-- / Yoast SEO plugin. -->

De la exquisitez a lo cotidiano - Fundació Mascort

The exquisite and the everyday are complementary concepts. Through the pens of professional experts, the exquisiteness of works selected from the Mascort collection converses with a group of sixty pieces that have been studied by the Associació per a l’Estudi del Moble (Association for Furniture Studies) over its first ten years of existence. Works which [&hellip;]

Fundació Mascort
