{"id":11442,"date":"2020-03-18T17:03:16","date_gmt":"2020-03-18T17:03:16","guid":{"rendered":"https:\/\/www.fundaciomascort.com\/publicacio\/el-retrat-pintat\/"},"modified":"2024-04-29T00:01:01","modified_gmt":"2024-04-29T00:01:01","slug":"el-retrat-pintat","status":"publish","type":"product","link":"https:\/\/www.fundaciomascort.com\/en\/publication\/el-retrat-pintat\/","title":{"rendered":"El retrat pintat"},"content":{"rendered":"<p>The portrait painted. Imatge i Pintura Cer\u00e0mica is the new book-catalog published by the X\u00e0tiva City Council on the occasion of the eponymous exhibition, which can be visited from November 2017 to April 2018.<\/p>\n<p>The exhibition, organized together with the X\u00e0tiva Museum, Casa de la Ense\u00f1anza, is made up of around fifty ceramic pieces reflecting on the use of the ceramic support as a means of making a portrait, one of the most interesting and forgotten applications of the ceramics and their trades, throughout history. The pieces come from different private collections and from institutions such as the V\u00edctor Balaguer Museum-Library in Vilanova i la Geltr\u00fa, the Gonz\u00e1lez Mart\u00ed Ceramic and Sumptuary Arts Museum in Valencia, and the Mascort Foundation, in Torroella de Montgr\u00ed.<\/p>\n","protected":false},"excerpt":{"rendered":"<p>The portrait painted. Imatge i Pintura Cer\u00e0mica is the new book-catalog published by the X\u00e0tiva City Council on the occasion of the eponymous exhibition, which can be visited from November 2017 to April 2018. The exhibition, organized together with the X\u00e0tiva Museum, Casa de la Ense\u00f1anza, is made up of around fifty ceramic pieces reflecting [&hellip;]<\/p>\n","protected":false},"featured_media":9557,"template":"","meta":{"_acf_changed":false},"product_brand":[],"product_cat":[42],"product_tag":[],"class_list":{"0":"post-11442","1":"product","2":"type-product","3":"status-publish","4":"has-post-thumbnail","6":"product_cat-sense-categoria-en","8":"first","9":"instock","10":"sale","11":"taxable","12":"shipping-taxable","13":"purchasable","14":"product-type-simple"},"acf":[],"yoast_head":"<!-- This site is optimized with the Yoast SEO plugin v25.6 - https:\/\/yoast.com\/wordpress\/plugins\/seo\/ -->\n<title>El retrat pintat - Fundaci\u00f3 Mascort<\/title>\n<meta name=\"robots\" content=\"index, follow, max-snippet:-1, max-image-preview:large, max-video-preview:-1\" \/>\n<link rel=\"canonical\" href=\"https:\/\/www.fundaciomascort.com\/en\/publication\/el-retrat-pintat\/\" \/>\n<meta property=\"og:locale\" content=\"en_US\" \/>\n<meta property=\"og:type\" content=\"article\" \/>\n<meta property=\"og:title\" content=\"El retrat pintat - Fundaci\u00f3 Mascort\" \/>\n<meta property=\"og:description\" content=\"The portrait painted. Imatge i Pintura Cer\u00e0mica is the new book-catalog published by the X\u00e0tiva City Council on the occasion of the eponymous exhibition, which can be visited from November 2017 to April 2018. The exhibition, organized together with the X\u00e0tiva Museum, Casa de la Ense\u00f1anza, is made up of around fifty ceramic pieces reflecting [&hellip;]\" \/>\n<meta property=\"og:url\" content=\"https:\/\/www.fundaciomascort.com\/en\/publication\/el-retrat-pintat\/\" \/>\n<meta property=\"og:site_name\" content=\"Fundaci\u00f3 Mascort\" \/>\n<meta property=\"article:publisher\" content=\"https:\/\/www.facebook.com\/fundaciomascort\" \/>\n<meta property=\"article:modified_time\" content=\"2024-04-29T00:01:01+00:00\" \/>\n<meta property=\"og:image\" content=\"https:\/\/www.fundaciomascort.com\/wp-content\/uploads\/2020\/03\/Coberta-retrat-pintat.jpg\" \/>\n\t<meta property=\"og:image:width\" content=\"714\" \/>\n\t<meta property=\"og:image:height\" content=\"600\" \/>\n\t<meta property=\"og:image:type\" content=\"image\/jpeg\" \/>\n<meta name=\"twitter:card\" content=\"summary_large_image\" \/>\n<meta name=\"twitter:site\" content=\"@fundaciomascort\" \/>\n<meta name=\"twitter:label1\" content=\"Est. reading time\" \/>\n\t<meta name=\"twitter:data1\" content=\"1 minute\" \/>\n<script type=\"application\/ld+json\" class=\"yoast-schema-graph\">{\"@context\":\"https:\/\/schema.org\",\"@graph\":[{\"@type\":\"WebPage\",\"@id\":\"https:\/\/www.fundaciomascort.com\/en\/publication\/el-retrat-pintat\/\",\"url\":\"https:\/\/www.fundaciomascort.com\/en\/publication\/el-retrat-pintat\/\",\"name\":\"El retrat pintat - Fundaci\u00f3 Mascort\",\"isPartOf\":{\"@id\":\"https:\/\/www.fundaciomascort.com\/en\/#website\"},\"primaryImageOfPage\":{\"@id\":\"https:\/\/www.fundaciomascort.com\/en\/publication\/el-retrat-pintat\/#primaryimage\"},\"image\":{\"@id\":\"https:\/\/www.fundaciomascort.com\/en\/publication\/el-retrat-pintat\/#primaryimage\"},\"thumbnailUrl\":\"https:\/\/www.fundaciomascort.com\/wp-content\/uploads\/2020\/03\/Coberta-retrat-pintat.jpg\",\"datePublished\":\"2020-03-18T17:03:16+00:00\",\"dateModified\":\"2024-04-29T00:01:01+00:00\",\"breadcrumb\":{\"@id\":\"https:\/\/www.fundaciomascort.com\/en\/publication\/el-retrat-pintat\/#breadcrumb\"},\"inLanguage\":\"en-US\",\"potentialAction\":[{\"@type\":\"ReadAction\",\"target\":[\"https:\/\/www.fundaciomascort.com\/en\/publication\/el-retrat-pintat\/\"]}]},{\"@type\":\"ImageObject\",\"inLanguage\":\"en-US\",\"@id\":\"https:\/\/www.fundaciomascort.com\/en\/publication\/el-retrat-pintat\/#primaryimage\",\"url\":\"https:\/\/www.fundaciomascort.com\/wp-content\/uploads\/2020\/03\/Coberta-retrat-pintat.jpg\",\"contentUrl\":\"https:\/\/www.fundaciomascort.com\/wp-content\/uploads\/2020\/03\/Coberta-retrat-pintat.jpg\",\"width\":714,\"height\":600},{\"@type\":\"BreadcrumbList\",\"@id\":\"https:\/\/www.fundaciomascort.com\/en\/publication\/el-retrat-pintat\/#breadcrumb\",\"itemListElement\":[{\"@type\":\"ListItem\",\"position\":1,\"name\":\"Home\",\"item\":\"https:\/\/www.fundaciomascort.com\/en\/\"},{\"@type\":\"ListItem\",\"position\":2,\"name\":\"Publications\",\"item\":\"https:\/\/www.fundaciomascort.com\/en\/publicacions\/\"},{\"@type\":\"ListItem\",\"position\":3,\"name\":\"El retrat pintat\"}]},{\"@type\":\"WebSite\",\"@id\":\"https:\/\/www.fundaciomascort.com\/en\/#website\",\"url\":\"https:\/\/www.fundaciomascort.com\/en\/\",\"name\":\"Fundaci\u00f3 Mascort\",\"description\":\"Esperem que compartiu amb nosaltres les exposicions de la Casa Galibern i les nostres publicacions.\",\"potentialAction\":[{\"@type\":\"SearchAction\",\"target\":{\"@type\":\"EntryPoint\",\"urlTemplate\":\"https:\/\/www.fundaciomascort.com\/en\/?s={search_term_string}\"},\"query-input\":{\"@type\":\"PropertyValueSpecification\",\"valueRequired\":true,\"valueName\":\"search_term_string\"}}],\"inLanguage\":\"en-US\"}]}<\/script>\n<!-- \/ Yoast SEO plugin. -->","yoast_head_json":{"title":"El retrat pintat - Fundaci\u00f3 Mascort","robots":{"index":"index","follow":"follow","max-snippet":"max-snippet:-1","max-image-preview":"max-image-preview:large","max-video-preview":"max-video-preview:-1"},"canonical":"https:\/\/www.fundaciomascort.com\/en\/publication\/el-retrat-pintat\/","og_locale":"en_US","og_type":"article","og_title":"El retrat pintat - Fundaci\u00f3 Mascort","og_description":"The portrait painted. Imatge i Pintura Cer\u00e0mica is the new book-catalog published by the X\u00e0tiva City Council on the occasion of the eponymous exhibition, which can be visited from November 2017 to April 2018. The exhibition, organized together with the X\u00e0tiva Museum, Casa de la Ense\u00f1anza, is made up of around fifty ceramic pieces reflecting [&hellip;]","og_url":"https:\/\/www.fundaciomascort.com\/en\/publication\/el-retrat-pintat\/","og_site_name":"Fundaci\u00f3 Mascort","article_publisher":"https:\/\/www.facebook.com\/fundaciomascort","article_modified_time":"2024-04-29T00:01:01+00:00","og_image":[{"width":714,"height":600,"url":"https:\/\/www.fundaciomascort.com\/wp-content\/uploads\/2020\/03\/Coberta-retrat-pintat.jpg","type":"image\/jpeg"}],"twitter_card":"summary_large_image","twitter_site":"@fundaciomascort","twitter_misc":{"Est. reading time":"1 minute"},"schema":{"@context":"https:\/\/schema.org","@graph":[{"@type":"WebPage","@id":"https:\/\/www.fundaciomascort.com\/en\/publication\/el-retrat-pintat\/","url":"https:\/\/www.fundaciomascort.com\/en\/publication\/el-retrat-pintat\/","name":"El retrat pintat - Fundaci\u00f3 Mascort","isPartOf":{"@id":"https:\/\/www.fundaciomascort.com\/en\/#website"},"primaryImageOfPage":{"@id":"https:\/\/www.fundaciomascort.com\/en\/publication\/el-retrat-pintat\/#primaryimage"},"image":{"@id":"https:\/\/www.fundaciomascort.com\/en\/publication\/el-retrat-pintat\/#primaryimage"},"thumbnailUrl":"https:\/\/www.fundaciomascort.com\/wp-content\/uploads\/2020\/03\/Coberta-retrat-pintat.jpg","datePublished":"2020-03-18T17:03:16+00:00","dateModified":"2024-04-29T00:01:01+00:00","breadcrumb":{"@id":"https:\/\/www.fundaciomascort.com\/en\/publication\/el-retrat-pintat\/#breadcrumb"},"inLanguage":"en-US","potentialAction":[{"@type":"ReadAction","target":["https:\/\/www.fundaciomascort.com\/en\/publication\/el-retrat-pintat\/"]}]},{"@type":"ImageObject","inLanguage":"en-US","@id":"https:\/\/www.fundaciomascort.com\/en\/publication\/el-retrat-pintat\/#primaryimage","url":"https:\/\/www.fundaciomascort.com\/wp-content\/uploads\/2020\/03\/Coberta-retrat-pintat.jpg","contentUrl":"https:\/\/www.fundaciomascort.com\/wp-content\/uploads\/2020\/03\/Coberta-retrat-pintat.jpg","width":714,"height":600},{"@type":"BreadcrumbList","@id":"https:\/\/www.fundaciomascort.com\/en\/publication\/el-retrat-pintat\/#breadcrumb","itemListElement":[{"@type":"ListItem","position":1,"name":"Home","item":"https:\/\/www.fundaciomascort.com\/en\/"},{"@type":"ListItem","position":2,"name":"Publications","item":"https:\/\/www.fundaciomascort.com\/en\/publicacions\/"},{"@type":"ListItem","position":3,"name":"El retrat pintat"}]},{"@type":"WebSite","@id":"https:\/\/www.fundaciomascort.com\/en\/#website","url":"https:\/\/www.fundaciomascort.com\/en\/","name":"Fundaci\u00f3 Mascort","description":"Esperem que compartiu amb nosaltres les exposicions de la Casa Galibern i les nostres publicacions.","potentialAction":[{"@type":"SearchAction","target":{"@type":"EntryPoint","urlTemplate":"https:\/\/www.fundaciomascort.com\/en\/?s={search_term_string}"},"query-input":{"@type":"PropertyValueSpecification","valueRequired":true,"valueName":"search_term_string"}}],"inLanguage":"en-US"}]}},"_links":{"self":[{"href":"https:\/\/www.fundaciomascort.com\/en\/wp-json\/wp\/v2\/product\/11442"}],"collection":[{"href":"https:\/\/www.fundaciomascort.com\/en\/wp-json\/wp\/v2\/product"}],"about":[{"href":"https:\/\/www.fundaciomascort.com\/en\/wp-json\/wp\/v2\/types\/product"}],"wp:featuredmedia":[{"embeddable":true,"href":"https:\/\/www.fundaciomascort.com\/en\/wp-json\/wp\/v2\/media\/9557"}],"wp:attachment":[{"href":"https:\/\/www.fundaciomascort.com\/en\/wp-json\/wp\/v2\/media?parent=11442"}],"wp:term":[{"taxonomy":"product_brand","embeddable":true,"href":"https:\/\/www.fundaciomascort.com\/en\/wp-json\/wp\/v2\/product_brand?post=11442"},{"taxonomy":"product_cat","embeddable":true,"href":"https:\/\/www.fundaciomascort.com\/en\/wp-json\/wp\/v2\/product_cat?post=11442"},{"taxonomy":"product_tag","embeddable":true,"href":"https:\/\/www.fundaciomascort.com\/en\/wp-json\/wp\/v2\/product_tag?post=11442"}],"curies":[{"name":"wp","href":"https:\/\/api.w.org\/{rel}","templated":true}]}}

<p>The portrait painted. Imatge i Pintura Ceràmica is the new book-catalog published by the Xàtiva City Council on the occasion of the eponymous exhibition, which can be visited from November 2017 to April 2018.</p>
<p>The exhibition, organized together with the Xàtiva Museum, Casa de la Enseñanza, is made up of around fifty ceramic pieces reflecting on the use of the ceramic support as a means of making a portrait, one of the most interesting and forgotten applications of the ceramics and their trades, throughout history. The pieces come from different private collections and from institutions such as the Víctor Balaguer Museum-Library in Vilanova i la Geltrú, the González Martí Ceramic and Sumptuary Arts Museum in Valencia, and the Mascort Foundation, in Torroella de Montgrí.</p>

<p>The portrait painted. Imatge i Pintura Ceràmica is the new book-catalog published by the Xàtiva City Council on the occasion of the eponymous exhibition, which can be visited from November 2017 to April 2018. The exhibition, organized together with the Xàtiva Museum, Casa de la Enseñanza, is made up of around fifty ceramic pieces reflecting [&hellip;]</p>

<!-- This site is optimized with the Yoast SEO plugin v25.6 - https://yoast.com/wordpress/plugins/seo/ -->
<title>El retrat pintat - Fundació Mascort</title>
<meta name="robots" content="index, follow, max-snippet:-1, max-image-preview:large, max-video-preview:-1" />
<link rel="canonical" href="https://www.fundaciomascort.com/en/publication/el-retrat-pintat/" />
<meta property="og:locale" content="en_US" />
<meta property="og:type" content="article" />
<meta property="og:title" content="El retrat pintat - Fundació Mascort" />
<meta property="og:description" content="The portrait painted. Imatge i Pintura Ceràmica is the new book-catalog published by the Xàtiva City Council on the occasion of the eponymous exhibition, which can be visited from November 2017 to April 2018. The exhibition, organized together with the Xàtiva Museum, Casa de la Enseñanza, is made up of around fifty ceramic pieces reflecting [&hellip;]" />
<meta property="og:url" content="https://www.fundaciomascort.com/en/publication/el-retrat-pintat/" />
<meta property="og:site_name" content="Fundació Mascort" />
<meta property="article:publisher" content="https://www.facebook.com/fundaciomascort" />
<meta property="article:modified_time" content="2024-04-29T00:01:01+00:00" />
<meta property="og:image" content="https://www.fundaciomascort.com/wp-content/uploads/2020/03/Coberta-retrat-pintat.jpg" />
	<meta property="og:image:width" content="714" />
	<meta property="og:image:height" content="600" />
	<meta property="og:image:type" content="image/jpeg" />
<meta name="twitter:card" content="summary_large_image" />
<meta name="twitter:site" content="@fundaciomascort" />
<meta name="twitter:label1" content="Est. reading time" />
	<meta name="twitter:data1" content="1 minute" />
<script type="application/ld+json" class="yoast-schema-graph">{"@context":"https://schema.org","@graph":[{"@type":"WebPage","@id":"https://www.fundaciomascort.com/en/publication/el-retrat-pintat/","url":"https://www.fundaciomascort.com/en/publication/el-retrat-pintat/","name":"El retrat pintat - Fundació Mascort","isPartOf":{"@id":"https://www.fundaciomascort.com/en/#website"},"primaryImageOfPage":{"@id":"https://www.fundaciomascort.com/en/publication/el-retrat-pintat/#primaryimage"},"image":{"@id":"https://www.fundaciomascort.com/en/publication/el-retrat-pintat/#primaryimage"},"thumbnailUrl":"https://www.fundaciomascort.com/wp-content/uploads/2020/03/Coberta-retrat-pintat.jpg","datePublished":"2020-03-18T17:03:16+00:00","dateModified":"2024-04-29T00:01:01+00:00","breadcrumb":{"@id":"https://www.fundaciomascort.com/en/publication/el-retrat-pintat/#breadcrumb"},"inLanguage":"en-US","potentialAction":[{"@type":"ReadAction","target":["https://www.fundaciomascort.com/en/publication/el-retrat-pintat/"]}]},{"@type":"ImageObject","inLanguage":"en-US","@id":"https://www.fundaciomascort.com/en/publication/el-retrat-pintat/#primaryimage","url":"https://www.fundaciomascort.com/wp-content/uploads/2020/03/Coberta-retrat-pintat.jpg","contentUrl":"https://www.fundaciomascort.com/wp-content/uploads/2020/03/Coberta-retrat-pintat.jpg","width":714,"height":600},{"@type":"BreadcrumbList","@id":"https://www.fundaciomascort.com/en/publication/el-retrat-pintat/#breadcrumb","itemListElement":[{"@type":"ListItem","position":1,"name":"Home","item":"https://www.fundaciomascort.com/en/"},{"@type":"ListItem","position":2,"name":"Publications","item":"https://www.fundaciomascort.com/en/publicacions/"},{"@type":"ListItem","position":3,"name":"El retrat pintat"}]},{"@type":"WebSite","@id":"https://www.fundaciomascort.com/en/#website","url":"https://www.fundaciomascort.com/en/","name":"Fundació Mascort","description":"Esperem que compartiu amb nosaltres les exposicions de la Casa Galibern i les nostres publicacions.","potentialAction":[{"@type":"SearchAction","target":{"@type":"EntryPoint","urlTemplate":"https://www.fundaciomascort.com/en/?s={search_term_string}"},"query-input":{"@type":"PropertyValueSpecification","valueRequired":true,"valueName":"search_term_string"}}],"inLanguage":"en-US"}]}</script>
<!-- / Yoast SEO plugin. -->

El retrat pintat - Fundació Mascort

The portrait painted. Imatge i Pintura Ceràmica is the new book-catalog published by the Xàtiva City Council on the occasion of the eponymous exhibition, which can be visited from November 2017 to April 2018. The exhibition, organized together with the Xàtiva Museum, Casa de la Enseñanza, is made up of around fifty ceramic pieces reflecting [&hellip;]

Fundació Mascort
