{"id":15319,"date":"2024-06-17T11:29:10","date_gmt":"2024-06-17T11:29:10","guid":{"rendered":"https:\/\/www.fundaciomascort.com\/?post_type=events&#038;p=15319"},"modified":"2024-06-17T12:09:45","modified_gmt":"2024-06-17T12:09:45","slug":"visita-guiada-el-mar-a-lhoritzo-22-06-24-1900","status":"publish","type":"events","link":"https:\/\/www.fundaciomascort.com\/en\/activities\/visita-guiada-el-mar-a-lhoritzo-22-06-24-1900\/","title":{"rendered":"Visita guiada &#8220;El mar a l\u2019horitz\u00f3&#8221;, 22\/06\/24 &#8211; 19:00"},"template":"","class_list":["post-15319","events","type-events","status-publish","hentry"],"acf":[],"yoast_head":"<!-- This site is optimized with the Yoast SEO plugin v25.6 - https:\/\/yoast.com\/wordpress\/plugins\/seo\/ -->\n<title>Visita guiada &quot;El mar a l\u2019horitz\u00f3&quot;, 22\/06\/24 - 19:00 - Fundaci\u00f3 Mascort<\/title>\n<meta name=\"description\" content=\"La darrera visita guiada a l&#039;exposici\u00f3 A la recerca de la bellesa. La col\u00b7lecci\u00f3 de cer\u00e0mica d&#039;Ignacio Brugarolas, tindr\u00e0 lloc DISSABTE 14 d&#039;octubre, a les 18:00 h, dins del marc de les Jornades Europees de Patrimoni 2023 (JEP23). Anir\u00e0 a c\u00e0rrec de Josep A. Cerd\u00e0, comissari de la mostra i autor del cat\u00e0leg.Ens agradar\u00e0 molt comptar amb la vostra pres\u00e8ncia.Activitat gratu\u00efta amb aforament limitat.\" \/>\n<meta name=\"robots\" content=\"index, follow, max-snippet:-1, max-image-preview:large, max-video-preview:-1\" \/>\n<link rel=\"canonical\" href=\"https:\/\/www.fundaciomascort.com\/en\/activities\/visita-guiada-el-mar-a-lhoritzo-22-06-24-1900\/\" \/>\n<meta property=\"og:locale\" content=\"en_US\" \/>\n<meta property=\"og:type\" content=\"article\" \/>\n<meta property=\"og:title\" content=\"Visita guiada &quot;El mar a l\u2019horitz\u00f3&quot;, 22\/06\/24 - 19:00 - Fundaci\u00f3 Mascort\" \/>\n<meta property=\"og:description\" content=\"La darrera visita guiada a l&#039;exposici\u00f3 A la recerca de la bellesa. La col\u00b7lecci\u00f3 de cer\u00e0mica d&#039;Ignacio Brugarolas, tindr\u00e0 lloc DISSABTE 14 d&#039;octubre, a les 18:00 h, dins del marc de les Jornades Europees de Patrimoni 2023 (JEP23). Anir\u00e0 a c\u00e0rrec de Josep A. Cerd\u00e0, comissari de la mostra i autor del cat\u00e0leg.Ens agradar\u00e0 molt comptar amb la vostra pres\u00e8ncia.Activitat gratu\u00efta amb aforament limitat.\" \/>\n<meta property=\"og:url\" content=\"https:\/\/www.fundaciomascort.com\/en\/activities\/visita-guiada-el-mar-a-lhoritzo-22-06-24-1900\/\" \/>\n<meta property=\"og:site_name\" content=\"Fundaci\u00f3 Mascort\" \/>\n<meta property=\"article:publisher\" content=\"https:\/\/www.facebook.com\/fundaciomascort\" \/>\n<meta property=\"article:modified_time\" content=\"2024-06-17T12:09:45+00:00\" \/>\n<meta name=\"twitter:card\" content=\"summary_large_image\" \/>\n<meta name=\"twitter:site\" content=\"@fundaciomascort\" \/>\n<script type=\"application\/ld+json\" class=\"yoast-schema-graph\">{\"@context\":\"https:\/\/schema.org\",\"@graph\":[{\"@type\":\"WebPage\",\"@id\":\"https:\/\/www.fundaciomascort.com\/en\/activities\/visita-guiada-el-mar-a-lhoritzo-22-06-24-1900\/\",\"url\":\"https:\/\/www.fundaciomascort.com\/en\/activities\/visita-guiada-el-mar-a-lhoritzo-22-06-24-1900\/\",\"name\":\"Visita guiada \\\"El mar a l\u2019horitz\u00f3\\\", 22\/06\/24 - 19:00 - Fundaci\u00f3 Mascort\",\"isPartOf\":{\"@id\":\"https:\/\/www.fundaciomascort.com\/en\/#website\"},\"datePublished\":\"2024-06-17T11:29:10+00:00\",\"dateModified\":\"2024-06-17T12:09:45+00:00\",\"description\":\"La darrera visita guiada a l'exposici\u00f3 A la recerca de la bellesa. La col\u00b7lecci\u00f3 de cer\u00e0mica d'Ignacio Brugarolas, tindr\u00e0 lloc DISSABTE 14 d'octubre, a les 18:00 h, dins del marc de les Jornades Europees de Patrimoni 2023 (JEP23). Anir\u00e0 a c\u00e0rrec de Josep A. Cerd\u00e0, comissari de la mostra i autor del cat\u00e0leg.Ens agradar\u00e0 molt comptar amb la vostra pres\u00e8ncia.Activitat gratu\u00efta amb aforament limitat.\",\"breadcrumb\":{\"@id\":\"https:\/\/www.fundaciomascort.com\/en\/activities\/visita-guiada-el-mar-a-lhoritzo-22-06-24-1900\/#breadcrumb\"},\"inLanguage\":\"en-US\",\"potentialAction\":[{\"@type\":\"ReadAction\",\"target\":[\"https:\/\/www.fundaciomascort.com\/en\/activities\/visita-guiada-el-mar-a-lhoritzo-22-06-24-1900\/\"]}]},{\"@type\":\"BreadcrumbList\",\"@id\":\"https:\/\/www.fundaciomascort.com\/en\/activities\/visita-guiada-el-mar-a-lhoritzo-22-06-24-1900\/#breadcrumb\",\"itemListElement\":[{\"@type\":\"ListItem\",\"position\":1,\"name\":\"Home\",\"item\":\"https:\/\/www.fundaciomascort.com\/en\/\"},{\"@type\":\"ListItem\",\"position\":2,\"name\":\"Activities\",\"item\":\"https:\/\/www.fundaciomascort.com\/en\/activities\/\"},{\"@type\":\"ListItem\",\"position\":3,\"name\":\"Visita guiada &#8220;El mar a l\u2019horitz\u00f3&#8221;, 22\/06\/24 &#8211; 19:00\"}]},{\"@type\":\"WebSite\",\"@id\":\"https:\/\/www.fundaciomascort.com\/en\/#website\",\"url\":\"https:\/\/www.fundaciomascort.com\/en\/\",\"name\":\"Fundaci\u00f3 Mascort\",\"description\":\"Esperem que compartiu amb nosaltres les exposicions de la Casa Galibern i les nostres publicacions.\",\"potentialAction\":[{\"@type\":\"SearchAction\",\"target\":{\"@type\":\"EntryPoint\",\"urlTemplate\":\"https:\/\/www.fundaciomascort.com\/en\/?s={search_term_string}\"},\"query-input\":{\"@type\":\"PropertyValueSpecification\",\"valueRequired\":true,\"valueName\":\"search_term_string\"}}],\"inLanguage\":\"en-US\"}]}<\/script>\n<!-- \/ Yoast SEO plugin. -->","yoast_head_json":{"title":"Visita guiada \"El mar a l\u2019horitz\u00f3\", 22\/06\/24 - 19:00 - Fundaci\u00f3 Mascort","description":"La darrera visita guiada a l'exposici\u00f3 A la recerca de la bellesa. La col\u00b7lecci\u00f3 de cer\u00e0mica d'Ignacio Brugarolas, tindr\u00e0 lloc DISSABTE 14 d'octubre, a les 18:00 h, dins del marc de les Jornades Europees de Patrimoni 2023 (JEP23). Anir\u00e0 a c\u00e0rrec de Josep A. Cerd\u00e0, comissari de la mostra i autor del cat\u00e0leg.Ens agradar\u00e0 molt comptar amb la vostra pres\u00e8ncia.Activitat gratu\u00efta amb aforament limitat.","robots":{"index":"index","follow":"follow","max-snippet":"max-snippet:-1","max-image-preview":"max-image-preview:large","max-video-preview":"max-video-preview:-1"},"canonical":"https:\/\/www.fundaciomascort.com\/en\/activities\/visita-guiada-el-mar-a-lhoritzo-22-06-24-1900\/","og_locale":"en_US","og_type":"article","og_title":"Visita guiada \"El mar a l\u2019horitz\u00f3\", 22\/06\/24 - 19:00 - Fundaci\u00f3 Mascort","og_description":"La darrera visita guiada a l'exposici\u00f3 A la recerca de la bellesa. La col\u00b7lecci\u00f3 de cer\u00e0mica d'Ignacio Brugarolas, tindr\u00e0 lloc DISSABTE 14 d'octubre, a les 18:00 h, dins del marc de les Jornades Europees de Patrimoni 2023 (JEP23). Anir\u00e0 a c\u00e0rrec de Josep A. Cerd\u00e0, comissari de la mostra i autor del cat\u00e0leg.Ens agradar\u00e0 molt comptar amb la vostra pres\u00e8ncia.Activitat gratu\u00efta amb aforament limitat.","og_url":"https:\/\/www.fundaciomascort.com\/en\/activities\/visita-guiada-el-mar-a-lhoritzo-22-06-24-1900\/","og_site_name":"Fundaci\u00f3 Mascort","article_publisher":"https:\/\/www.facebook.com\/fundaciomascort","article_modified_time":"2024-06-17T12:09:45+00:00","twitter_card":"summary_large_image","twitter_site":"@fundaciomascort","schema":{"@context":"https:\/\/schema.org","@graph":[{"@type":"WebPage","@id":"https:\/\/www.fundaciomascort.com\/en\/activities\/visita-guiada-el-mar-a-lhoritzo-22-06-24-1900\/","url":"https:\/\/www.fundaciomascort.com\/en\/activities\/visita-guiada-el-mar-a-lhoritzo-22-06-24-1900\/","name":"Visita guiada \"El mar a l\u2019horitz\u00f3\", 22\/06\/24 - 19:00 - Fundaci\u00f3 Mascort","isPartOf":{"@id":"https:\/\/www.fundaciomascort.com\/en\/#website"},"datePublished":"2024-06-17T11:29:10+00:00","dateModified":"2024-06-17T12:09:45+00:00","description":"La darrera visita guiada a l'exposici\u00f3 A la recerca de la bellesa. La col\u00b7lecci\u00f3 de cer\u00e0mica d'Ignacio Brugarolas, tindr\u00e0 lloc DISSABTE 14 d'octubre, a les 18:00 h, dins del marc de les Jornades Europees de Patrimoni 2023 (JEP23). Anir\u00e0 a c\u00e0rrec de Josep A. Cerd\u00e0, comissari de la mostra i autor del cat\u00e0leg.Ens agradar\u00e0 molt comptar amb la vostra pres\u00e8ncia.Activitat gratu\u00efta amb aforament limitat.","breadcrumb":{"@id":"https:\/\/www.fundaciomascort.com\/en\/activities\/visita-guiada-el-mar-a-lhoritzo-22-06-24-1900\/#breadcrumb"},"inLanguage":"en-US","potentialAction":[{"@type":"ReadAction","target":["https:\/\/www.fundaciomascort.com\/en\/activities\/visita-guiada-el-mar-a-lhoritzo-22-06-24-1900\/"]}]},{"@type":"BreadcrumbList","@id":"https:\/\/www.fundaciomascort.com\/en\/activities\/visita-guiada-el-mar-a-lhoritzo-22-06-24-1900\/#breadcrumb","itemListElement":[{"@type":"ListItem","position":1,"name":"Home","item":"https:\/\/www.fundaciomascort.com\/en\/"},{"@type":"ListItem","position":2,"name":"Activities","item":"https:\/\/www.fundaciomascort.com\/en\/activities\/"},{"@type":"ListItem","position":3,"name":"Visita guiada &#8220;El mar a l\u2019horitz\u00f3&#8221;, 22\/06\/24 &#8211; 19:00"}]},{"@type":"WebSite","@id":"https:\/\/www.fundaciomascort.com\/en\/#website","url":"https:\/\/www.fundaciomascort.com\/en\/","name":"Fundaci\u00f3 Mascort","description":"Esperem que compartiu amb nosaltres les exposicions de la Casa Galibern i les nostres publicacions.","potentialAction":[{"@type":"SearchAction","target":{"@type":"EntryPoint","urlTemplate":"https:\/\/www.fundaciomascort.com\/en\/?s={search_term_string}"},"query-input":{"@type":"PropertyValueSpecification","valueRequired":true,"valueName":"search_term_string"}}],"inLanguage":"en-US"}]}},"_links":{"self":[{"href":"https:\/\/www.fundaciomascort.com\/en\/wp-json\/wp\/v2\/events\/15319"}],"collection":[{"href":"https:\/\/www.fundaciomascort.com\/en\/wp-json\/wp\/v2\/events"}],"about":[{"href":"https:\/\/www.fundaciomascort.com\/en\/wp-json\/wp\/v2\/types\/events"}],"wp:attachment":[{"href":"https:\/\/www.fundaciomascort.com\/en\/wp-json\/wp\/v2\/media?parent=15319"}],"curies":[{"name":"wp","href":"https:\/\/api.w.org\/{rel}","templated":true}]}}

Visita guiada &#8220;El mar a l’horitzó&#8221;, 22/06/24 &#8211; 19:00

<!-- This site is optimized with the Yoast SEO plugin v25.6 - https://yoast.com/wordpress/plugins/seo/ -->
<title>Visita guiada &quot;El mar a l’horitzó&quot;, 22/06/24 - 19:00 - Fundació Mascort</title>
<meta name="description" content="La darrera visita guiada a l&#039;exposició A la recerca de la bellesa. La col·lecció de ceràmica d&#039;Ignacio Brugarolas, tindrà lloc DISSABTE 14 d&#039;octubre, a les 18:00 h, dins del marc de les Jornades Europees de Patrimoni 2023 (JEP23). Anirà a càrrec de Josep A. Cerdà, comissari de la mostra i autor del catàleg.Ens agradarà molt comptar amb la vostra presència.Activitat gratuïta amb aforament limitat." />
<meta name="robots" content="index, follow, max-snippet:-1, max-image-preview:large, max-video-preview:-1" />
<link rel="canonical" href="https://www.fundaciomascort.com/en/activities/visita-guiada-el-mar-a-lhoritzo-22-06-24-1900/" />
<meta property="og:locale" content="en_US" />
<meta property="og:type" content="article" />
<meta property="og:title" content="Visita guiada &quot;El mar a l’horitzó&quot;, 22/06/24 - 19:00 - Fundació Mascort" />
<meta property="og:description" content="La darrera visita guiada a l&#039;exposició A la recerca de la bellesa. La col·lecció de ceràmica d&#039;Ignacio Brugarolas, tindrà lloc DISSABTE 14 d&#039;octubre, a les 18:00 h, dins del marc de les Jornades Europees de Patrimoni 2023 (JEP23). Anirà a càrrec de Josep A. Cerdà, comissari de la mostra i autor del catàleg.Ens agradarà molt comptar amb la vostra presència.Activitat gratuïta amb aforament limitat." />
<meta property="og:url" content="https://www.fundaciomascort.com/en/activities/visita-guiada-el-mar-a-lhoritzo-22-06-24-1900/" />
<meta property="og:site_name" content="Fundació Mascort" />
<meta property="article:publisher" content="https://www.facebook.com/fundaciomascort" />
<meta property="article:modified_time" content="2024-06-17T12:09:45+00:00" />
<meta name="twitter:card" content="summary_large_image" />
<meta name="twitter:site" content="@fundaciomascort" />
<script type="application/ld+json" class="yoast-schema-graph">{"@context":"https://schema.org","@graph":[{"@type":"WebPage","@id":"https://www.fundaciomascort.com/en/activities/visita-guiada-el-mar-a-lhoritzo-22-06-24-1900/","url":"https://www.fundaciomascort.com/en/activities/visita-guiada-el-mar-a-lhoritzo-22-06-24-1900/","name":"Visita guiada \"El mar a l’horitzó\", 22/06/24 - 19:00 - Fundació Mascort","isPartOf":{"@id":"https://www.fundaciomascort.com/en/#website"},"datePublished":"2024-06-17T11:29:10+00:00","dateModified":"2024-06-17T12:09:45+00:00","description":"La darrera visita guiada a l'exposició A la recerca de la bellesa. La col·lecció de ceràmica d'Ignacio Brugarolas, tindrà lloc DISSABTE 14 d'octubre, a les 18:00 h, dins del marc de les Jornades Europees de Patrimoni 2023 (JEP23). Anirà a càrrec de Josep A. Cerdà, comissari de la mostra i autor del catàleg.Ens agradarà molt comptar amb la vostra presència.Activitat gratuïta amb aforament limitat.","breadcrumb":{"@id":"https://www.fundaciomascort.com/en/activities/visita-guiada-el-mar-a-lhoritzo-22-06-24-1900/#breadcrumb"},"inLanguage":"en-US","potentialAction":[{"@type":"ReadAction","target":["https://www.fundaciomascort.com/en/activities/visita-guiada-el-mar-a-lhoritzo-22-06-24-1900/"]}]},{"@type":"BreadcrumbList","@id":"https://www.fundaciomascort.com/en/activities/visita-guiada-el-mar-a-lhoritzo-22-06-24-1900/#breadcrumb","itemListElement":[{"@type":"ListItem","position":1,"name":"Home","item":"https://www.fundaciomascort.com/en/"},{"@type":"ListItem","position":2,"name":"Activities","item":"https://www.fundaciomascort.com/en/activities/"},{"@type":"ListItem","position":3,"name":"Visita guiada &#8220;El mar a l’horitzó&#8221;, 22/06/24 &#8211; 19:00"}]},{"@type":"WebSite","@id":"https://www.fundaciomascort.com/en/#website","url":"https://www.fundaciomascort.com/en/","name":"Fundació Mascort","description":"Esperem que compartiu amb nosaltres les exposicions de la Casa Galibern i les nostres publicacions.","potentialAction":[{"@type":"SearchAction","target":{"@type":"EntryPoint","urlTemplate":"https://www.fundaciomascort.com/en/?s={search_term_string}"},"query-input":{"@type":"PropertyValueSpecification","valueRequired":true,"valueName":"search_term_string"}}],"inLanguage":"en-US"}]}</script>
<!-- / Yoast SEO plugin. -->

Visita guiada "El mar a l’horitzó", 22/06/24 - 19:00 - Fundació Mascort

La darrera visita guiada a l'exposició A la recerca de la bellesa. La col·lecció de ceràmica d'Ignacio Brugarolas, tindrà lloc DISSABTE 14 d'octubre, a les 18:00 h, dins del marc de les Jornades Europees de Patrimoni 2023 (JEP23). Anirà a càrrec de Josep A. Cerdà, comissari de la mostra i autor del catàleg.Ens agradarà molt comptar amb la vostra presència.Activitat gratuïta amb aforament limitat.

Fundació Mascort
