{"id":14296,"date":"2022-09-28T17:12:44","date_gmt":"2022-09-28T17:12:44","guid":{"rendered":"https:\/\/www.fundaciomascort.com\/?post_type=events&#038;p=14296"},"modified":"2022-09-29T15:52:32","modified_gmt":"2022-09-29T15:52:32","slug":"visita-comentada-orfebreria-i-joieria-a-la-colleccio-mascort-15-10-22-1800","status":"publish","type":"events","link":"https:\/\/www.fundaciomascort.com\/en\/activities\/visita-comentada-orfebreria-i-joieria-a-la-colleccio-mascort-15-10-22-1800\/","title":{"rendered":"Visita comentada &#8220;Orfebreria i joieria a la Col\u00b7lecci\u00f3 Mascort&#8221;, 15\/10\/22 &#8211; 18:00"},"template":"","class_list":["post-14296","events","type-events","status-publish","hentry"],"acf":[],"yoast_head":"<!-- This site is optimized with the Yoast SEO plugin v25.6 - https:\/\/yoast.com\/wordpress\/plugins\/seo\/ -->\n<title>Visita comentada &quot;Orfebreria i joieria a la Col\u00b7lecci\u00f3 Mascort&quot;, 15\/10\/22 - 18:00 - Fundaci\u00f3 Mascort<\/title>\n<meta name=\"description\" content=\"Reprenem les visites guiades a l&#039;exposici\u00f3 &quot;Tots els ocells i mam\u00edfers del m\u00f3n. 30 anys de Lynx Edicions&quot;! La propera tindr\u00e0 lloc DISSABTE 25 de juliol, a les 19:00 h, i anir\u00e0 a c\u00e0rrec de Jordi Sargatal, un dels comissaris de la mostra i coautor del llibre-cat\u00e0leg.Ens agradar\u00e0 molt comptar amb la vostra pres\u00e8ncia.Visita gratu\u00efta. Per prevenci\u00f3 sanit\u00e0ria, les places queden limitades a 10 persones per ordre d&#039;inscripci\u00f3. \u00c9s imprescindible reserva pr\u00e8via.\" \/>\n<meta name=\"robots\" content=\"index, follow, max-snippet:-1, max-image-preview:large, max-video-preview:-1\" \/>\n<link rel=\"canonical\" href=\"https:\/\/www.fundaciomascort.com\/en\/activities\/visita-comentada-orfebreria-i-joieria-a-la-colleccio-mascort-15-10-22-1800\/\" \/>\n<meta property=\"og:locale\" content=\"en_US\" \/>\n<meta property=\"og:type\" content=\"article\" \/>\n<meta property=\"og:title\" content=\"Visita comentada &quot;Orfebreria i joieria a la Col\u00b7lecci\u00f3 Mascort&quot;, 15\/10\/22 - 18:00 - Fundaci\u00f3 Mascort\" \/>\n<meta property=\"og:description\" content=\"Reprenem les visites guiades a l&#039;exposici\u00f3 &quot;Tots els ocells i mam\u00edfers del m\u00f3n. 30 anys de Lynx Edicions&quot;! La propera tindr\u00e0 lloc DISSABTE 25 de juliol, a les 19:00 h, i anir\u00e0 a c\u00e0rrec de Jordi Sargatal, un dels comissaris de la mostra i coautor del llibre-cat\u00e0leg.Ens agradar\u00e0 molt comptar amb la vostra pres\u00e8ncia.Visita gratu\u00efta. Per prevenci\u00f3 sanit\u00e0ria, les places queden limitades a 10 persones per ordre d&#039;inscripci\u00f3. \u00c9s imprescindible reserva pr\u00e8via.\" \/>\n<meta property=\"og:url\" content=\"https:\/\/www.fundaciomascort.com\/en\/activities\/visita-comentada-orfebreria-i-joieria-a-la-colleccio-mascort-15-10-22-1800\/\" \/>\n<meta property=\"og:site_name\" content=\"Fundaci\u00f3 Mascort\" \/>\n<meta property=\"article:publisher\" content=\"https:\/\/www.facebook.com\/fundaciomascort\" \/>\n<meta property=\"article:modified_time\" content=\"2022-09-29T15:52:32+00:00\" \/>\n<meta name=\"twitter:card\" content=\"summary_large_image\" \/>\n<meta name=\"twitter:site\" content=\"@fundaciomascort\" \/>\n<script type=\"application\/ld+json\" class=\"yoast-schema-graph\">{\"@context\":\"https:\/\/schema.org\",\"@graph\":[{\"@type\":\"WebPage\",\"@id\":\"https:\/\/www.fundaciomascort.com\/en\/activities\/visita-comentada-orfebreria-i-joieria-a-la-colleccio-mascort-15-10-22-1800\/\",\"url\":\"https:\/\/www.fundaciomascort.com\/en\/activities\/visita-comentada-orfebreria-i-joieria-a-la-colleccio-mascort-15-10-22-1800\/\",\"name\":\"Visita comentada \\\"Orfebreria i joieria a la Col\u00b7lecci\u00f3 Mascort\\\", 15\/10\/22 - 18:00 - Fundaci\u00f3 Mascort\",\"isPartOf\":{\"@id\":\"https:\/\/www.fundaciomascort.com\/en\/#website\"},\"datePublished\":\"2022-09-28T17:12:44+00:00\",\"dateModified\":\"2022-09-29T15:52:32+00:00\",\"description\":\"Reprenem les visites guiades a l'exposici\u00f3 \\\"Tots els ocells i mam\u00edfers del m\u00f3n. 30 anys de Lynx Edicions\\\"! La propera tindr\u00e0 lloc DISSABTE 25 de juliol, a les 19:00 h, i anir\u00e0 a c\u00e0rrec de Jordi Sargatal, un dels comissaris de la mostra i coautor del llibre-cat\u00e0leg.Ens agradar\u00e0 molt comptar amb la vostra pres\u00e8ncia.Visita gratu\u00efta. Per prevenci\u00f3 sanit\u00e0ria, les places queden limitades a 10 persones per ordre d'inscripci\u00f3. \u00c9s imprescindible reserva pr\u00e8via.\",\"breadcrumb\":{\"@id\":\"https:\/\/www.fundaciomascort.com\/en\/activities\/visita-comentada-orfebreria-i-joieria-a-la-colleccio-mascort-15-10-22-1800\/#breadcrumb\"},\"inLanguage\":\"en-US\",\"potentialAction\":[{\"@type\":\"ReadAction\",\"target\":[\"https:\/\/www.fundaciomascort.com\/en\/activities\/visita-comentada-orfebreria-i-joieria-a-la-colleccio-mascort-15-10-22-1800\/\"]}]},{\"@type\":\"BreadcrumbList\",\"@id\":\"https:\/\/www.fundaciomascort.com\/en\/activities\/visita-comentada-orfebreria-i-joieria-a-la-colleccio-mascort-15-10-22-1800\/#breadcrumb\",\"itemListElement\":[{\"@type\":\"ListItem\",\"position\":1,\"name\":\"Home\",\"item\":\"https:\/\/www.fundaciomascort.com\/en\/\"},{\"@type\":\"ListItem\",\"position\":2,\"name\":\"Activities\",\"item\":\"https:\/\/www.fundaciomascort.com\/en\/activities\/\"},{\"@type\":\"ListItem\",\"position\":3,\"name\":\"Visita comentada &#8220;Orfebreria i joieria a la Col\u00b7lecci\u00f3 Mascort&#8221;, 15\/10\/22 &#8211; 18:00\"}]},{\"@type\":\"WebSite\",\"@id\":\"https:\/\/www.fundaciomascort.com\/en\/#website\",\"url\":\"https:\/\/www.fundaciomascort.com\/en\/\",\"name\":\"Fundaci\u00f3 Mascort\",\"description\":\"Esperem que compartiu amb nosaltres les exposicions de la Casa Galibern i les nostres publicacions.\",\"potentialAction\":[{\"@type\":\"SearchAction\",\"target\":{\"@type\":\"EntryPoint\",\"urlTemplate\":\"https:\/\/www.fundaciomascort.com\/en\/?s={search_term_string}\"},\"query-input\":{\"@type\":\"PropertyValueSpecification\",\"valueRequired\":true,\"valueName\":\"search_term_string\"}}],\"inLanguage\":\"en-US\"}]}<\/script>\n<!-- \/ Yoast SEO plugin. -->","yoast_head_json":{"title":"Visita comentada \"Orfebreria i joieria a la Col\u00b7lecci\u00f3 Mascort\", 15\/10\/22 - 18:00 - Fundaci\u00f3 Mascort","description":"Reprenem les visites guiades a l'exposici\u00f3 \"Tots els ocells i mam\u00edfers del m\u00f3n. 30 anys de Lynx Edicions\"! La propera tindr\u00e0 lloc DISSABTE 25 de juliol, a les 19:00 h, i anir\u00e0 a c\u00e0rrec de Jordi Sargatal, un dels comissaris de la mostra i coautor del llibre-cat\u00e0leg.Ens agradar\u00e0 molt comptar amb la vostra pres\u00e8ncia.Visita gratu\u00efta. Per prevenci\u00f3 sanit\u00e0ria, les places queden limitades a 10 persones per ordre d'inscripci\u00f3. \u00c9s imprescindible reserva pr\u00e8via.","robots":{"index":"index","follow":"follow","max-snippet":"max-snippet:-1","max-image-preview":"max-image-preview:large","max-video-preview":"max-video-preview:-1"},"canonical":"https:\/\/www.fundaciomascort.com\/en\/activities\/visita-comentada-orfebreria-i-joieria-a-la-colleccio-mascort-15-10-22-1800\/","og_locale":"en_US","og_type":"article","og_title":"Visita comentada \"Orfebreria i joieria a la Col\u00b7lecci\u00f3 Mascort\", 15\/10\/22 - 18:00 - Fundaci\u00f3 Mascort","og_description":"Reprenem les visites guiades a l'exposici\u00f3 \"Tots els ocells i mam\u00edfers del m\u00f3n. 30 anys de Lynx Edicions\"! La propera tindr\u00e0 lloc DISSABTE 25 de juliol, a les 19:00 h, i anir\u00e0 a c\u00e0rrec de Jordi Sargatal, un dels comissaris de la mostra i coautor del llibre-cat\u00e0leg.Ens agradar\u00e0 molt comptar amb la vostra pres\u00e8ncia.Visita gratu\u00efta. Per prevenci\u00f3 sanit\u00e0ria, les places queden limitades a 10 persones per ordre d'inscripci\u00f3. \u00c9s imprescindible reserva pr\u00e8via.","og_url":"https:\/\/www.fundaciomascort.com\/en\/activities\/visita-comentada-orfebreria-i-joieria-a-la-colleccio-mascort-15-10-22-1800\/","og_site_name":"Fundaci\u00f3 Mascort","article_publisher":"https:\/\/www.facebook.com\/fundaciomascort","article_modified_time":"2022-09-29T15:52:32+00:00","twitter_card":"summary_large_image","twitter_site":"@fundaciomascort","schema":{"@context":"https:\/\/schema.org","@graph":[{"@type":"WebPage","@id":"https:\/\/www.fundaciomascort.com\/en\/activities\/visita-comentada-orfebreria-i-joieria-a-la-colleccio-mascort-15-10-22-1800\/","url":"https:\/\/www.fundaciomascort.com\/en\/activities\/visita-comentada-orfebreria-i-joieria-a-la-colleccio-mascort-15-10-22-1800\/","name":"Visita comentada \"Orfebreria i joieria a la Col\u00b7lecci\u00f3 Mascort\", 15\/10\/22 - 18:00 - Fundaci\u00f3 Mascort","isPartOf":{"@id":"https:\/\/www.fundaciomascort.com\/en\/#website"},"datePublished":"2022-09-28T17:12:44+00:00","dateModified":"2022-09-29T15:52:32+00:00","description":"Reprenem les visites guiades a l'exposici\u00f3 \"Tots els ocells i mam\u00edfers del m\u00f3n. 30 anys de Lynx Edicions\"! La propera tindr\u00e0 lloc DISSABTE 25 de juliol, a les 19:00 h, i anir\u00e0 a c\u00e0rrec de Jordi Sargatal, un dels comissaris de la mostra i coautor del llibre-cat\u00e0leg.Ens agradar\u00e0 molt comptar amb la vostra pres\u00e8ncia.Visita gratu\u00efta. Per prevenci\u00f3 sanit\u00e0ria, les places queden limitades a 10 persones per ordre d'inscripci\u00f3. \u00c9s imprescindible reserva pr\u00e8via.","breadcrumb":{"@id":"https:\/\/www.fundaciomascort.com\/en\/activities\/visita-comentada-orfebreria-i-joieria-a-la-colleccio-mascort-15-10-22-1800\/#breadcrumb"},"inLanguage":"en-US","potentialAction":[{"@type":"ReadAction","target":["https:\/\/www.fundaciomascort.com\/en\/activities\/visita-comentada-orfebreria-i-joieria-a-la-colleccio-mascort-15-10-22-1800\/"]}]},{"@type":"BreadcrumbList","@id":"https:\/\/www.fundaciomascort.com\/en\/activities\/visita-comentada-orfebreria-i-joieria-a-la-colleccio-mascort-15-10-22-1800\/#breadcrumb","itemListElement":[{"@type":"ListItem","position":1,"name":"Home","item":"https:\/\/www.fundaciomascort.com\/en\/"},{"@type":"ListItem","position":2,"name":"Activities","item":"https:\/\/www.fundaciomascort.com\/en\/activities\/"},{"@type":"ListItem","position":3,"name":"Visita comentada &#8220;Orfebreria i joieria a la Col\u00b7lecci\u00f3 Mascort&#8221;, 15\/10\/22 &#8211; 18:00"}]},{"@type":"WebSite","@id":"https:\/\/www.fundaciomascort.com\/en\/#website","url":"https:\/\/www.fundaciomascort.com\/en\/","name":"Fundaci\u00f3 Mascort","description":"Esperem que compartiu amb nosaltres les exposicions de la Casa Galibern i les nostres publicacions.","potentialAction":[{"@type":"SearchAction","target":{"@type":"EntryPoint","urlTemplate":"https:\/\/www.fundaciomascort.com\/en\/?s={search_term_string}"},"query-input":{"@type":"PropertyValueSpecification","valueRequired":true,"valueName":"search_term_string"}}],"inLanguage":"en-US"}]}},"_links":{"self":[{"href":"https:\/\/www.fundaciomascort.com\/en\/wp-json\/wp\/v2\/events\/14296"}],"collection":[{"href":"https:\/\/www.fundaciomascort.com\/en\/wp-json\/wp\/v2\/events"}],"about":[{"href":"https:\/\/www.fundaciomascort.com\/en\/wp-json\/wp\/v2\/types\/events"}],"wp:attachment":[{"href":"https:\/\/www.fundaciomascort.com\/en\/wp-json\/wp\/v2\/media?parent=14296"}],"curies":[{"name":"wp","href":"https:\/\/api.w.org\/{rel}","templated":true}]}}

Visita comentada &#8220;Orfebreria i joieria a la Col·lecció Mascort&#8221;, 15/10/22 &#8211; 18:00

<!-- This site is optimized with the Yoast SEO plugin v25.6 - https://yoast.com/wordpress/plugins/seo/ -->
<title>Visita comentada &quot;Orfebreria i joieria a la Col·lecció Mascort&quot;, 15/10/22 - 18:00 - Fundació Mascort</title>
<meta name="description" content="Reprenem les visites guiades a l&#039;exposició &quot;Tots els ocells i mamífers del món. 30 anys de Lynx Edicions&quot;! La propera tindrà lloc DISSABTE 25 de juliol, a les 19:00 h, i anirà a càrrec de Jordi Sargatal, un dels comissaris de la mostra i coautor del llibre-catàleg.Ens agradarà molt comptar amb la vostra presència.Visita gratuïta. Per prevenció sanitària, les places queden limitades a 10 persones per ordre d&#039;inscripció. És imprescindible reserva prèvia." />
<meta name="robots" content="index, follow, max-snippet:-1, max-image-preview:large, max-video-preview:-1" />
<link rel="canonical" href="https://www.fundaciomascort.com/en/activities/visita-comentada-orfebreria-i-joieria-a-la-colleccio-mascort-15-10-22-1800/" />
<meta property="og:locale" content="en_US" />
<meta property="og:type" content="article" />
<meta property="og:title" content="Visita comentada &quot;Orfebreria i joieria a la Col·lecció Mascort&quot;, 15/10/22 - 18:00 - Fundació Mascort" />
<meta property="og:description" content="Reprenem les visites guiades a l&#039;exposició &quot;Tots els ocells i mamífers del món. 30 anys de Lynx Edicions&quot;! La propera tindrà lloc DISSABTE 25 de juliol, a les 19:00 h, i anirà a càrrec de Jordi Sargatal, un dels comissaris de la mostra i coautor del llibre-catàleg.Ens agradarà molt comptar amb la vostra presència.Visita gratuïta. Per prevenció sanitària, les places queden limitades a 10 persones per ordre d&#039;inscripció. És imprescindible reserva prèvia." />
<meta property="og:url" content="https://www.fundaciomascort.com/en/activities/visita-comentada-orfebreria-i-joieria-a-la-colleccio-mascort-15-10-22-1800/" />
<meta property="og:site_name" content="Fundació Mascort" />
<meta property="article:publisher" content="https://www.facebook.com/fundaciomascort" />
<meta property="article:modified_time" content="2022-09-29T15:52:32+00:00" />
<meta name="twitter:card" content="summary_large_image" />
<meta name="twitter:site" content="@fundaciomascort" />
<script type="application/ld+json" class="yoast-schema-graph">{"@context":"https://schema.org","@graph":[{"@type":"WebPage","@id":"https://www.fundaciomascort.com/en/activities/visita-comentada-orfebreria-i-joieria-a-la-colleccio-mascort-15-10-22-1800/","url":"https://www.fundaciomascort.com/en/activities/visita-comentada-orfebreria-i-joieria-a-la-colleccio-mascort-15-10-22-1800/","name":"Visita comentada \"Orfebreria i joieria a la Col·lecció Mascort\", 15/10/22 - 18:00 - Fundació Mascort","isPartOf":{"@id":"https://www.fundaciomascort.com/en/#website"},"datePublished":"2022-09-28T17:12:44+00:00","dateModified":"2022-09-29T15:52:32+00:00","description":"Reprenem les visites guiades a l'exposició \"Tots els ocells i mamífers del món. 30 anys de Lynx Edicions\"! La propera tindrà lloc DISSABTE 25 de juliol, a les 19:00 h, i anirà a càrrec de Jordi Sargatal, un dels comissaris de la mostra i coautor del llibre-catàleg.Ens agradarà molt comptar amb la vostra presència.Visita gratuïta. Per prevenció sanitària, les places queden limitades a 10 persones per ordre d'inscripció. És imprescindible reserva prèvia.","breadcrumb":{"@id":"https://www.fundaciomascort.com/en/activities/visita-comentada-orfebreria-i-joieria-a-la-colleccio-mascort-15-10-22-1800/#breadcrumb"},"inLanguage":"en-US","potentialAction":[{"@type":"ReadAction","target":["https://www.fundaciomascort.com/en/activities/visita-comentada-orfebreria-i-joieria-a-la-colleccio-mascort-15-10-22-1800/"]}]},{"@type":"BreadcrumbList","@id":"https://www.fundaciomascort.com/en/activities/visita-comentada-orfebreria-i-joieria-a-la-colleccio-mascort-15-10-22-1800/#breadcrumb","itemListElement":[{"@type":"ListItem","position":1,"name":"Home","item":"https://www.fundaciomascort.com/en/"},{"@type":"ListItem","position":2,"name":"Activities","item":"https://www.fundaciomascort.com/en/activities/"},{"@type":"ListItem","position":3,"name":"Visita comentada &#8220;Orfebreria i joieria a la Col·lecció Mascort&#8221;, 15/10/22 &#8211; 18:00"}]},{"@type":"WebSite","@id":"https://www.fundaciomascort.com/en/#website","url":"https://www.fundaciomascort.com/en/","name":"Fundació Mascort","description":"Esperem que compartiu amb nosaltres les exposicions de la Casa Galibern i les nostres publicacions.","potentialAction":[{"@type":"SearchAction","target":{"@type":"EntryPoint","urlTemplate":"https://www.fundaciomascort.com/en/?s={search_term_string}"},"query-input":{"@type":"PropertyValueSpecification","valueRequired":true,"valueName":"search_term_string"}}],"inLanguage":"en-US"}]}</script>
<!-- / Yoast SEO plugin. -->

Visita comentada "Orfebreria i joieria a la Col·lecció Mascort", 15/10/22 - 18:00 - Fundació Mascort

Reprenem les visites guiades a l'exposició "Tots els ocells i mamífers del món. 30 anys de Lynx Edicions"! La propera tindrà lloc DISSABTE 25 de juliol, a les 19:00 h, i anirà a càrrec de Jordi Sargatal, un dels comissaris de la mostra i coautor del llibre-catàleg.Ens agradarà molt comptar amb la vostra presència.Visita gratuïta. Per prevenció sanitària, les places queden limitades a 10 persones per ordre d'inscripció. És imprescindible reserva prèvia.

Fundació Mascort
